{"id":16259,"date":"2020-07-28T20:31:34","date_gmt":"2020-07-28T20:31:34","guid":{"rendered":"https:\/\/basakcilastik.com.tr\/?post_type=product&#038;p=16259"},"modified":"2020-07-28T20:31:35","modified_gmt":"2020-07-28T20:31:35","slug":"master-sds-max-murc-keskiler","status":"publish","type":"product","link":"http:\/\/basakcilastik.com.tr\/?product=master-sds-max-murc-keskiler","title":{"rendered":"&#8221;Master&#8221; SDS Max Mur\u00e7 &#038; Keskiler"},"content":{"rendered":"<p>Beton k\u0131rma ve kesme i\u015flemleri i\u00e7in kullan\u0131lan, SDS Max matkap u\u00e7lar\u0131na uygun olarak u\u0308retilen, \u00e7elikten yap\u0131lm\u0131\u015f kesici ve k\u0131r\u0131c\u0131 malzemelerdir.<\/p>\n<table width=\"100%\">\n<thead>\n<tr>\n<td><strong>\u00dcR\u00dcN KODU<\/strong><\/td>\n<td><strong>B\u0130R\u0130M<\/strong><\/td>\n<td><strong>Tip<\/strong><\/td>\n<td><strong>Boy (mm)<\/strong><\/td>\n<td><strong>Paketleme Bilgisi Miktar<\/strong><\/td>\n<td><strong>En<\/strong><\/td>\n<td><strong>Boy<\/strong><\/td>\n<td><strong>Y\u00fckseklik<\/strong><\/td>\n<td><strong>Net A\u011f\u0131rl\u0131k<\/strong><\/td>\n<td><strong>Br\u00fct A\u011f\u0131rl\u0131k<\/strong><\/td>\n<\/tr>\n<\/thead>\n<tbody>\n<tr>\n<td>02.02.07.00.10400<\/td>\n<td>AD<\/td>\n<td>MUR\u00c7<\/td>\n<td>400<\/td>\n<td>1<\/td>\n<td>0<\/td>\n<td>0<\/td>\n<td>0<\/td>\n<td>0<\/td>\n<td>0<\/td>\n<\/tr>\n<tr>\n<td>02.02.07.00.10400<\/td>\n<td>PK<\/td>\n<td>MUR\u00c7<\/td>\n<td>400<\/td>\n<td>1<\/td>\n<td>0<\/td>\n<td>0<\/td>\n<td>0<\/td>\n<td>0<\/td>\n<td>0<\/td>\n<\/tr>\n<tr>\n<td>02.02.07.00.10400<\/td>\n<td>KL<\/td>\n<td>MUR\u00c7<\/td>\n<td>400<\/td>\n<td>25<\/td>\n<td>14<\/td>\n<td>42<\/td>\n<td>9.5<\/td>\n<td>18<\/td>\n<td>19<\/td>\n<\/tr>\n<tr>\n<td>02.02.07.00.10500<\/td>\n<td>AD<\/td>\n<td>MUR\u00c7<\/td>\n<td>500<\/td>\n<td>1<\/td>\n<td>0<\/td>\n<td>0<\/td>\n<td>0<\/td>\n<td>0<\/td>\n<td>0<\/td>\n<\/tr>\n<tr>\n<td>02.02.07.00.10500<\/td>\n<td>PK<\/td>\n<td>MUR\u00c7<\/td>\n<td>500<\/td>\n<td>1<\/td>\n<td>0<\/td>\n<td>0<\/td>\n<td>0<\/td>\n<td>0<\/td>\n<td>0<\/td>\n<\/tr>\n<tr>\n<td>02.02.07.00.10500<\/td>\n<td>KL<\/td>\n<td>MUR\u00c7<\/td>\n<td>500<\/td>\n<td>25<\/td>\n<td>14<\/td>\n<td>52<\/td>\n<td>9.5<\/td>\n<td>23<\/td>\n<td>24<\/td>\n<\/tr>\n<tr>\n<td>02.02.07.00.10600<\/td>\n<td>AD<\/td>\n<td>MUR\u00c7<\/td>\n<td>600<\/td>\n<td>1<\/td>\n<td>14<\/td>\n<td>62<\/td>\n<td>9.5<\/td>\n<td>26<\/td>\n<td>27<\/td>\n<\/tr>\n<tr>\n<td>02.02.07.00.10600<\/td>\n<td>PK<\/td>\n<td>MUR\u00c7<\/td>\n<td>600<\/td>\n<td>1<\/td>\n<td>0<\/td>\n<td>0<\/td>\n<td>0<\/td>\n<td>0<\/td>\n<td>0<\/td>\n<\/tr>\n<tr>\n<td>02.02.07.00.10600<\/td>\n<td>KL<\/td>\n<td>MUR\u00c7<\/td>\n<td>600<\/td>\n<td>25<\/td>\n<td>0<\/td>\n<td>0<\/td>\n<td>0<\/td>\n<td>0<\/td>\n<td>0<\/td>\n<\/tr>\n<tr>\n<td>02.02.07.00.20400<\/td>\n<td>AD<\/td>\n<td>KESK\u0130<\/td>\n<td>400<\/td>\n<td>1<\/td>\n<td>0<\/td>\n<td>0<\/td>\n<td>0<\/td>\n<td>0<\/td>\n<td>0<\/td>\n<\/tr>\n<tr>\n<td>02.02.07.00.20400<\/td>\n<td>PK<\/td>\n<td>KESK\u0130<\/td>\n<td>400<\/td>\n<td>1<\/td>\n<td>0<\/td>\n<td>0<\/td>\n<td>0<\/td>\n<td>0<\/td>\n<td>0<\/td>\n<\/tr>\n<tr>\n<td>02.02.07.00.20400<\/td>\n<td>KL<\/td>\n<td>KESK\u0130<\/td>\n<td>400<\/td>\n<td>25<\/td>\n<td>14<\/td>\n<td>42<\/td>\n<td>9.5<\/td>\n<td>18<\/td>\n<td>19<\/td>\n<\/tr>\n<tr>\n<td>02.02.07.00.20500<\/td>\n<td>AD<\/td>\n<td>KESK\u0130<\/td>\n<td>500<\/td>\n<td>1<\/td>\n<td>0<\/td>\n<td>0<\/td>\n<td>0<\/td>\n<td>0<\/td>\n<td>0<\/td>\n<\/tr>\n<tr>\n<td>02.02.07.00.20500<\/td>\n<td>PK<\/td>\n<td>KESK\u0130<\/td>\n<td>500<\/td>\n<td>1<\/td>\n<td>0<\/td>\n<td>0<\/td>\n<td>0<\/td>\n<td>0<\/td>\n<td>0<\/td>\n<\/tr>\n<tr>\n<td>02.02.07.00.20500<\/td>\n<td>KL<\/td>\n<td>KESK\u0130<\/td>\n<td>500<\/td>\n<td>25<\/td>\n<td>14<\/td>\n<td>52<\/td>\n<td>9.5<\/td>\n<td>23<\/td>\n<td>24<\/td>\n<\/tr>\n<tr>\n<td>02.02.07.00.20600<\/td>\n<td>AD<\/td>\n<td>KESK\u0130<\/td>\n<td>600<\/td>\n<td>1<\/td>\n<td>0<\/td>\n<td>0<\/td>\n<td>0<\/td>\n<td>0<\/td>\n<td>0<\/td>\n<\/tr>\n<tr>\n<td>02.02.07.00.20600<\/td>\n<td>PK<\/td>\n<td>KESK\u0130<\/td>\n<td>600<\/td>\n<td>1<\/td>\n<td>0<\/td>\n<td>0<\/td>\n<td>0<\/td>\n<td>0<\/td>\n<td>0<\/td>\n<\/tr>\n<tr>\n<td>02.02.07.00.20600<\/td>\n<td>KL<\/td>\n<td>KESK\u0130<\/td>\n<td>600<\/td>\n<td>25<\/td>\n<td>14<\/td>\n<td>62<\/td>\n<td>9.5<\/td>\n<td>26<\/td>\n<td>27<\/td>\n<\/tr>\n<tr>\n<td>02.02.07.00.30400<\/td>\n<td>AD<\/td>\n<td>GEN\u0130\u015e KESK\u0130<\/td>\n<td>400<\/td>\n<td>1<\/td>\n<td>0<\/td>\n<td>0<\/td>\n<td>0<\/td>\n<td>0<\/td>\n<td>0<\/td>\n<\/tr>\n<tr>\n<td>02.02.07.00.30400<\/td>\n<td>PK<\/td>\n<td>GEN\u0130\u015e KESK\u0130<\/td>\n<td>400<\/td>\n<td>1<\/td>\n<td>0<\/td>\n<td>0<\/td>\n<td>0<\/td>\n<td>0<\/td>\n<td>0<\/td>\n<\/tr>\n<tr>\n<td>02.02.07.00.30400<\/td>\n<td>KL<\/td>\n<td>GEN\u0130\u015e KESK\u0130<\/td>\n<td>400<\/td>\n<td>25<\/td>\n<td>16<\/td>\n<td>42<\/td>\n<td>12<\/td>\n<td>19<\/td>\n<td>20<\/td>\n<\/tr>\n<\/tbody>\n<\/table>\n<p>&nbsp;<\/p>\n","protected":false},"excerpt":{"rendered":"<p>Beton k\u0131rma ve kesme i\u015flemleri i\u00e7in kullan\u0131lan, SDS Max matkap u\u00e7lar\u0131na uygun olarak u\u0308retilen, \u00e7elikten yap\u0131lm\u0131\u015f kesici ve k\u0131r\u0131c\u0131 malzemelerdir. \u00dcR\u00dcN KODU B\u0130R\u0130M Tip Boy (mm) Paketleme Bilgisi Miktar En Boy Y\u00fckseklik Net A\u011f\u0131rl\u0131k Br\u00fct A\u011f\u0131rl\u0131k 02.02.07.00.10400 AD MUR\u00c7 400 1 0 0 0 0 0 02.02.07.00.10400 PK MUR\u00c7 400 1 0 0 0 0 0 02.02.07.00.10400 KL MUR\u00c7 400 [&hellip;]<\/p>\n","protected":false},"featured_media":16262,"comment_status":"open","ping_status":"closed","template":"","meta":[],"product_brand":[],"product_cat":[15,185,76,72],"product_tag":[],"class_list":{"0":"post-16259","1":"product","2":"type-product","3":"status-publish","4":"has-post-thumbnail","6":"product_cat-genel","7":"product_cat-bits","8":"product_cat-bits-uclar-ve-matkap-uclari","9":"product_cat-hirdavat","11":"first","12":"instock","13":"shipping-taxable","14":"product-type-simple"},"_links":{"self":[{"href":"http:\/\/basakcilastik.com.tr\/index.php?rest_route=\/wp\/v2\/product\/16259","targetHints":{"allow":["GET"]}}],"collection":[{"href":"http:\/\/basakcilastik.com.tr\/index.php?rest_route=\/wp\/v2\/product"}],"about":[{"href":"http:\/\/basakcilastik.com.tr\/index.php?rest_route=\/wp\/v2\/types\/product"}],"replies":[{"embeddable":true,"href":"http:\/\/basakcilastik.com.tr\/index.php?rest_route=%2Fwp%2Fv2%2Fcomments&post=16259"}],"wp:featuredmedia":[{"embeddable":true,"href":"http:\/\/basakcilastik.com.tr\/index.php?rest_route=\/wp\/v2\/media\/16262"}],"wp:attachment":[{"href":"http:\/\/basakcilastik.com.tr\/index.php?rest_route=%2Fwp%2Fv2%2Fmedia&parent=16259"}],"wp:term":[{"taxonomy":"product_brand","embeddable":true,"href":"http:\/\/basakcilastik.com.tr\/index.php?rest_route=%2Fwp%2Fv2%2Fproduct_brand&post=16259"},{"taxonomy":"product_cat","embeddable":true,"href":"http:\/\/basakcilastik.com.tr\/index.php?rest_route=%2Fwp%2Fv2%2Fproduct_cat&post=16259"},{"taxonomy":"product_tag","embeddable":true,"href":"http:\/\/basakcilastik.com.tr\/index.php?rest_route=%2Fwp%2Fv2%2Fproduct_tag&post=16259"}],"curies":[{"name":"wp","href":"https:\/\/api.w.org\/{rel}","templated":true}]}}