{"id":15979,"date":"2020-07-27T23:15:52","date_gmt":"2020-07-27T23:15:52","guid":{"rendered":"https:\/\/basakcilastik.com.tr\/?post_type=product&#038;p=15979"},"modified":"2020-07-27T23:15:53","modified_gmt":"2020-07-27T23:15:53","slug":"wert-4123-bag-makasi-200mm","status":"publish","type":"product","link":"http:\/\/basakcilastik.com.tr\/?product=wert-4123-bag-makasi-200mm","title":{"rendered":"WERT 4123 Ba\u011f Makas\u0131 (200mm)"},"content":{"rendered":"<p>WERT 4123 Ba\u011f Makas\u0131 (200mm)<\/p>\n<p>&nbsp;<\/p>\n<ul>\n<li>65MN y\u00fcksek kalite \u00e7elik b\u0131\u00e7ak<\/li>\n<li>PP g\u00f6vde ve lastik sapl\u0131<\/li>\n<li>Yumu\u015fak kesim i\u00e7in otomatik geri d\u00f6n\u00fc\u015fl\u00fc g\u00fc\u00e7lendirilmi\u015f yay<\/li>\n<li>ABS g\u00fcvenlik kiliti<\/li>\n<li>12 mm dal kesme<\/li>\n<li>Uzunluk: 200mm<\/li>\n<\/ul>\n<p><strong>A\u011f\u0131rl\u0131k(Kg)<\/strong><\/p>\n<p><strong>:<\/strong><\/p>\n<p>0.22<\/p>\n<p>&nbsp;<\/p>\n","protected":false},"excerpt":{"rendered":"<p>WERT 4123 Ba\u011f Makas\u0131 (200mm) &nbsp; 65MN y\u00fcksek kalite \u00e7elik b\u0131\u00e7ak PP g\u00f6vde ve lastik sapl\u0131 Yumu\u015fak kesim i\u00e7in otomatik geri d\u00f6n\u00fc\u015fl\u00fc g\u00fc\u00e7lendirilmi\u015f yay ABS g\u00fcvenlik kiliti 12 mm dal kesme Uzunluk: 200mm A\u011f\u0131rl\u0131k(Kg) : 0.22 &nbsp;<\/p>\n","protected":false},"featured_media":15982,"comment_status":"open","ping_status":"closed","template":"","meta":[],"product_brand":[],"product_cat":[15,75,72],"product_tag":[],"class_list":{"0":"post-15979","1":"product","2":"type-product","3":"status-publish","4":"has-post-thumbnail","6":"product_cat-genel","7":"product_cat-bahce-aletleri","8":"product_cat-hirdavat","10":"first","11":"instock","12":"shipping-taxable","13":"product-type-simple"},"_links":{"self":[{"href":"http:\/\/basakcilastik.com.tr\/index.php?rest_route=\/wp\/v2\/product\/15979","targetHints":{"allow":["GET"]}}],"collection":[{"href":"http:\/\/basakcilastik.com.tr\/index.php?rest_route=\/wp\/v2\/product"}],"about":[{"href":"http:\/\/basakcilastik.com.tr\/index.php?rest_route=\/wp\/v2\/types\/product"}],"replies":[{"embeddable":true,"href":"http:\/\/basakcilastik.com.tr\/index.php?rest_route=%2Fwp%2Fv2%2Fcomments&post=15979"}],"wp:featuredmedia":[{"embeddable":true,"href":"http:\/\/basakcilastik.com.tr\/index.php?rest_route=\/wp\/v2\/media\/15982"}],"wp:attachment":[{"href":"http:\/\/basakcilastik.com.tr\/index.php?rest_route=%2Fwp%2Fv2%2Fmedia&parent=15979"}],"wp:term":[{"taxonomy":"product_brand","embeddable":true,"href":"http:\/\/basakcilastik.com.tr\/index.php?rest_route=%2Fwp%2Fv2%2Fproduct_brand&post=15979"},{"taxonomy":"product_cat","embeddable":true,"href":"http:\/\/basakcilastik.com.tr\/index.php?rest_route=%2Fwp%2Fv2%2Fproduct_cat&post=15979"},{"taxonomy":"product_tag","embeddable":true,"href":"http:\/\/basakcilastik.com.tr\/index.php?rest_route=%2Fwp%2Fv2%2Fproduct_tag&post=15979"}],"curies":[{"name":"wp","href":"https:\/\/api.w.org\/{rel}","templated":true}]}}