{"id":15975,"date":"2020-07-27T23:14:03","date_gmt":"2020-07-27T23:14:03","guid":{"rendered":"https:\/\/basakcilastik.com.tr\/?post_type=product&#038;p=15975"},"modified":"2020-07-27T23:14:03","modified_gmt":"2020-07-27T23:14:03","slug":"wert-4121-bag-makasi-200mm","status":"publish","type":"product","link":"http:\/\/basakcilastik.com.tr\/?product=wert-4121-bag-makasi-200mm","title":{"rendered":"WERT 4121 Ba\u011f Makas\u0131 (200mm)"},"content":{"rendered":"<p>WERT 4121 Ba\u011f Makas\u0131 (200mm)<\/p>\n<ul>\n<li>65MN y\u00fcksek kalite \u00e7elik b\u0131\u00e7ak<br \/>\n\u25cf Karbon \u00e7elik g\u00f6vde<br \/>\n\u25cf Yumu\u015fak kesim i\u00e7in otomatik geri d\u00f6n\u00fc\u015fl\u00fc g\u00fc\u00e7lendirilmi\u015f yay<br \/>\n\u25cf Ergonomik lastik sapl\u0131<br \/>\n\u25cf Uzunluk: 200mm<\/li>\n<\/ul>\n<p><strong>A\u011f\u0131rl\u0131k(Kg)<\/strong><\/p>\n<p><strong>:<\/strong><\/p>\n<p>0.31<\/p>\n<p>&nbsp;<\/p>\n","protected":false},"excerpt":{"rendered":"<p>WERT 4121 Ba\u011f Makas\u0131 (200mm) 65MN y\u00fcksek kalite \u00e7elik b\u0131\u00e7ak \u25cf Karbon \u00e7elik g\u00f6vde \u25cf Yumu\u015fak kesim i\u00e7in otomatik geri d\u00f6n\u00fc\u015fl\u00fc g\u00fc\u00e7lendirilmi\u015f yay \u25cf Ergonomik lastik sapl\u0131 \u25cf Uzunluk: 200mm A\u011f\u0131rl\u0131k(Kg) : 0.31 &nbsp;<\/p>\n","protected":false},"featured_media":15978,"comment_status":"open","ping_status":"closed","template":"","meta":[],"product_brand":[],"product_cat":[15,75,72],"product_tag":[],"class_list":{"0":"post-15975","1":"product","2":"type-product","3":"status-publish","4":"has-post-thumbnail","6":"product_cat-genel","7":"product_cat-bahce-aletleri","8":"product_cat-hirdavat","10":"first","11":"instock","12":"shipping-taxable","13":"product-type-simple"},"_links":{"self":[{"href":"http:\/\/basakcilastik.com.tr\/index.php?rest_route=\/wp\/v2\/product\/15975","targetHints":{"allow":["GET"]}}],"collection":[{"href":"http:\/\/basakcilastik.com.tr\/index.php?rest_route=\/wp\/v2\/product"}],"about":[{"href":"http:\/\/basakcilastik.com.tr\/index.php?rest_route=\/wp\/v2\/types\/product"}],"replies":[{"embeddable":true,"href":"http:\/\/basakcilastik.com.tr\/index.php?rest_route=%2Fwp%2Fv2%2Fcomments&post=15975"}],"wp:featuredmedia":[{"embeddable":true,"href":"http:\/\/basakcilastik.com.tr\/index.php?rest_route=\/wp\/v2\/media\/15978"}],"wp:attachment":[{"href":"http:\/\/basakcilastik.com.tr\/index.php?rest_route=%2Fwp%2Fv2%2Fmedia&parent=15975"}],"wp:term":[{"taxonomy":"product_brand","embeddable":true,"href":"http:\/\/basakcilastik.com.tr\/index.php?rest_route=%2Fwp%2Fv2%2Fproduct_brand&post=15975"},{"taxonomy":"product_cat","embeddable":true,"href":"http:\/\/basakcilastik.com.tr\/index.php?rest_route=%2Fwp%2Fv2%2Fproduct_cat&post=15975"},{"taxonomy":"product_tag","embeddable":true,"href":"http:\/\/basakcilastik.com.tr\/index.php?rest_route=%2Fwp%2Fv2%2Fproduct_tag&post=15975"}],"curies":[{"name":"wp","href":"https:\/\/api.w.org\/{rel}","templated":true}]}}