{"id":15973,"date":"2020-07-27T23:13:04","date_gmt":"2020-07-27T23:13:04","guid":{"rendered":"https:\/\/basakcilastik.com.tr\/?post_type=product&#038;p=15973"},"modified":"2020-07-27T23:13:05","modified_gmt":"2020-07-27T23:13:05","slug":"wert-4120-bag-makasi-210mm","status":"publish","type":"product","link":"http:\/\/basakcilastik.com.tr\/?product=wert-4120-bag-makasi-210mm","title":{"rendered":"WERT 4120 Ba\u011f Makas\u0131 (210mm)"},"content":{"rendered":"<p>WERT 4120 Ba\u011f Makas\u0131 (210mm)<\/p>\n<ul>\n<li>Y\u00fcksek kalite \u00e7elik g\u00f6vde<\/li>\n<li>65MN y\u00fcksek kalite \u00e7elik b\u0131\u00e7ak<\/li>\n<li>Yumu\u015fak kesim i\u00e7in otomatik geri d\u00f6n\u00fc\u015fl\u00fc g\u00fc\u00e7lendirilmi\u015f yay<\/li>\n<li>S\u0131r cilal\u0131 \u00e7elik saplar<\/li>\n<li>PVC tutacaklar<\/li>\n<li>Uzunluk: 210mm<\/li>\n<\/ul>\n<p><strong>A\u011f\u0131rl\u0131k(Kg)<\/strong><\/p>\n<p><strong>:<\/strong><\/p>\n<p>0.36<\/p>\n<p>&nbsp;<\/p>\n","protected":false},"excerpt":{"rendered":"<p>WERT 4120 Ba\u011f Makas\u0131 (210mm) Y\u00fcksek kalite \u00e7elik g\u00f6vde 65MN y\u00fcksek kalite \u00e7elik b\u0131\u00e7ak Yumu\u015fak kesim i\u00e7in otomatik geri d\u00f6n\u00fc\u015fl\u00fc g\u00fc\u00e7lendirilmi\u015f yay S\u0131r cilal\u0131 \u00e7elik saplar PVC tutacaklar Uzunluk: 210mm A\u011f\u0131rl\u0131k(Kg) : 0.36 &nbsp;<\/p>\n","protected":false},"featured_media":15976,"comment_status":"open","ping_status":"closed","template":"","meta":[],"product_brand":[],"product_cat":[15,75,72],"product_tag":[],"class_list":{"0":"post-15973","1":"product","2":"type-product","3":"status-publish","4":"has-post-thumbnail","6":"product_cat-genel","7":"product_cat-bahce-aletleri","8":"product_cat-hirdavat","10":"first","11":"instock","12":"shipping-taxable","13":"product-type-simple"},"_links":{"self":[{"href":"http:\/\/basakcilastik.com.tr\/index.php?rest_route=\/wp\/v2\/product\/15973","targetHints":{"allow":["GET"]}}],"collection":[{"href":"http:\/\/basakcilastik.com.tr\/index.php?rest_route=\/wp\/v2\/product"}],"about":[{"href":"http:\/\/basakcilastik.com.tr\/index.php?rest_route=\/wp\/v2\/types\/product"}],"replies":[{"embeddable":true,"href":"http:\/\/basakcilastik.com.tr\/index.php?rest_route=%2Fwp%2Fv2%2Fcomments&post=15973"}],"wp:featuredmedia":[{"embeddable":true,"href":"http:\/\/basakcilastik.com.tr\/index.php?rest_route=\/wp\/v2\/media\/15976"}],"wp:attachment":[{"href":"http:\/\/basakcilastik.com.tr\/index.php?rest_route=%2Fwp%2Fv2%2Fmedia&parent=15973"}],"wp:term":[{"taxonomy":"product_brand","embeddable":true,"href":"http:\/\/basakcilastik.com.tr\/index.php?rest_route=%2Fwp%2Fv2%2Fproduct_brand&post=15973"},{"taxonomy":"product_cat","embeddable":true,"href":"http:\/\/basakcilastik.com.tr\/index.php?rest_route=%2Fwp%2Fv2%2Fproduct_cat&post=15973"},{"taxonomy":"product_tag","embeddable":true,"href":"http:\/\/basakcilastik.com.tr\/index.php?rest_route=%2Fwp%2Fv2%2Fproduct_tag&post=15973"}],"curies":[{"name":"wp","href":"https:\/\/api.w.org\/{rel}","templated":true}]}}