{"id":15965,"date":"2020-07-27T23:08:39","date_gmt":"2020-07-27T23:08:39","guid":{"rendered":"https:\/\/basakcilastik.com.tr\/?post_type=product&#038;p=15965"},"modified":"2020-07-27T23:08:40","modified_gmt":"2020-07-27T23:08:40","slug":"troy-41200-bag-makasi-200mm","status":"publish","type":"product","link":"http:\/\/basakcilastik.com.tr\/?product=troy-41200-bag-makasi-200mm","title":{"rendered":"TROY 41200 Ba\u011f Makas\u0131 (200mm)"},"content":{"rendered":"<p>TROY 41200 Ba\u011f Makas\u0131 (200mm)<\/p>\n<p>&nbsp;<\/p>\n<ul>\n<li>\nY\u00fcksek kalite \u00e7elik b\u0131\u00e7aklar<br \/>\n\u25cf G\u00fcvenlik kilitli al\u00fcminyum g\u00f6vde<br \/>\n\u25cf Hassas b\u0131\u00e7ak ayar mekanizmas\u0131 ile temiz hassas kesimler<br \/>\n\u25cf G\u00fc\u00e7lendirilmi\u015f spiral yay mekanizmas\u0131<br \/>\n\u25cf Kapasite: \u00d8 25mm<br \/>\n\u25cf Uzunluk: 200mm<\/li>\n<\/ul>\n<p><strong>A\u011f\u0131rl\u0131k(Kg)<\/strong><\/p>\n<p><strong>:<\/strong><\/p>\n<p>0.37<\/p>\n<p>&nbsp;<\/p>\n","protected":false},"excerpt":{"rendered":"<p>TROY 41200 Ba\u011f Makas\u0131 (200mm) &nbsp; Y\u00fcksek kalite \u00e7elik b\u0131\u00e7aklar \u25cf G\u00fcvenlik kilitli al\u00fcminyum g\u00f6vde \u25cf Hassas b\u0131\u00e7ak ayar mekanizmas\u0131 ile temiz hassas kesimler \u25cf G\u00fc\u00e7lendirilmi\u015f spiral yay mekanizmas\u0131 \u25cf Kapasite: \u00d8 25mm \u25cf Uzunluk: 200mm A\u011f\u0131rl\u0131k(Kg) : 0.37 &nbsp;<\/p>\n","protected":false},"featured_media":15968,"comment_status":"open","ping_status":"closed","template":"","meta":[],"product_brand":[],"product_cat":[15,75,72],"product_tag":[],"class_list":{"0":"post-15965","1":"product","2":"type-product","3":"status-publish","4":"has-post-thumbnail","6":"product_cat-genel","7":"product_cat-bahce-aletleri","8":"product_cat-hirdavat","10":"first","11":"instock","12":"shipping-taxable","13":"product-type-simple"},"_links":{"self":[{"href":"http:\/\/basakcilastik.com.tr\/index.php?rest_route=\/wp\/v2\/product\/15965","targetHints":{"allow":["GET"]}}],"collection":[{"href":"http:\/\/basakcilastik.com.tr\/index.php?rest_route=\/wp\/v2\/product"}],"about":[{"href":"http:\/\/basakcilastik.com.tr\/index.php?rest_route=\/wp\/v2\/types\/product"}],"replies":[{"embeddable":true,"href":"http:\/\/basakcilastik.com.tr\/index.php?rest_route=%2Fwp%2Fv2%2Fcomments&post=15965"}],"wp:featuredmedia":[{"embeddable":true,"href":"http:\/\/basakcilastik.com.tr\/index.php?rest_route=\/wp\/v2\/media\/15968"}],"wp:attachment":[{"href":"http:\/\/basakcilastik.com.tr\/index.php?rest_route=%2Fwp%2Fv2%2Fmedia&parent=15965"}],"wp:term":[{"taxonomy":"product_brand","embeddable":true,"href":"http:\/\/basakcilastik.com.tr\/index.php?rest_route=%2Fwp%2Fv2%2Fproduct_brand&post=15965"},{"taxonomy":"product_cat","embeddable":true,"href":"http:\/\/basakcilastik.com.tr\/index.php?rest_route=%2Fwp%2Fv2%2Fproduct_cat&post=15965"},{"taxonomy":"product_tag","embeddable":true,"href":"http:\/\/basakcilastik.com.tr\/index.php?rest_route=%2Fwp%2Fv2%2Fproduct_tag&post=15965"}],"curies":[{"name":"wp","href":"https:\/\/api.w.org\/{rel}","templated":true}]}}