{"id":15679,"date":"2020-07-27T20:22:01","date_gmt":"2020-07-27T20:22:01","guid":{"rendered":"https:\/\/basakcilastik.com.tr\/?post_type=product&#038;p=15679"},"modified":"2020-07-27T20:22:02","modified_gmt":"2020-07-27T20:22:02","slug":"troy-21525-kombine-anahtar-takimi-25-parca-6-32mm","status":"publish","type":"product","link":"http:\/\/basakcilastik.com.tr\/?product=troy-21525-kombine-anahtar-takimi-25-parca-6-32mm","title":{"rendered":"TROY 21525 Kombine Anahtar Tak\u0131m\u0131 (25 Par\u00e7a, 6-32mm)"},"content":{"rendered":"<p>TROY 21525 Kombine Anahtar Tak\u0131m\u0131 &#8211; 25 Par\u00e7a (6-32mm)<\/p>\n<p>&nbsp;<\/p>\n<ul>\n<li>Kombine anahtar tak\u0131m\u0131, 25 Par\u00e7a, 6-32mm<br \/>\n\u25cf Krom vanadyum malzeme, nikel krom kaplama, sertle\u015ftirilmi\u015f, s\u0131cak d\u00f6vme a\u011f\u0131zlar<br \/>\n\u25cf DIN 3113A standard\u0131na uygun \u00fcretilmi\u015ftir<br \/>\n\u25cf \u00d6l\u00e7\u00fcler: 6-7-8-9-10-11-12-13-14-15-16-17-18-19-20-21-22-23-24-25-26-27-28-30-32mm<br \/>\n\u25cf \u00d6zel ask\u0131 k\u0131l\u0131fl\u0131<br \/>\n\u25cf A\u011f\u0131rl\u0131k: 5000gr<br \/>\n\u25cf Kutu ambalajl\u0131<\/li>\n<\/ul>\n<p><strong>A\u011f\u0131rl\u0131k(Kg)<\/strong><\/p>\n<p><strong>:<\/strong><\/p>\n<p>5<\/p>\n<p>&nbsp;<\/p>\n","protected":false},"excerpt":{"rendered":"<p>TROY 21525 Kombine Anahtar Tak\u0131m\u0131 &#8211; 25 Par\u00e7a (6-32mm) &nbsp; Kombine anahtar tak\u0131m\u0131, 25 Par\u00e7a, 6-32mm \u25cf Krom vanadyum malzeme, nikel krom kaplama, sertle\u015ftirilmi\u015f, s\u0131cak d\u00f6vme a\u011f\u0131zlar \u25cf DIN 3113A standard\u0131na uygun \u00fcretilmi\u015ftir \u25cf \u00d6l\u00e7\u00fcler: 6-7-8-9-10-11-12-13-14-15-16-17-18-19-20-21-22-23-24-25-26-27-28-30-32mm \u25cf \u00d6zel ask\u0131 k\u0131l\u0131fl\u0131 \u25cf A\u011f\u0131rl\u0131k: 5000gr \u25cf Kutu ambalajl\u0131 A\u011f\u0131rl\u0131k(Kg) : 5 &nbsp;<\/p>\n","protected":false},"featured_media":15682,"comment_status":"open","ping_status":"closed","template":"","meta":[],"product_brand":[],"product_cat":[15,73,72],"product_tag":[],"class_list":{"0":"post-15679","1":"product","2":"type-product","3":"status-publish","4":"has-post-thumbnail","6":"product_cat-genel","7":"product_cat-anahtarlar","8":"product_cat-hirdavat","10":"first","11":"instock","12":"shipping-taxable","13":"product-type-simple"},"_links":{"self":[{"href":"http:\/\/basakcilastik.com.tr\/index.php?rest_route=\/wp\/v2\/product\/15679","targetHints":{"allow":["GET"]}}],"collection":[{"href":"http:\/\/basakcilastik.com.tr\/index.php?rest_route=\/wp\/v2\/product"}],"about":[{"href":"http:\/\/basakcilastik.com.tr\/index.php?rest_route=\/wp\/v2\/types\/product"}],"replies":[{"embeddable":true,"href":"http:\/\/basakcilastik.com.tr\/index.php?rest_route=%2Fwp%2Fv2%2Fcomments&post=15679"}],"wp:featuredmedia":[{"embeddable":true,"href":"http:\/\/basakcilastik.com.tr\/index.php?rest_route=\/wp\/v2\/media\/15682"}],"wp:attachment":[{"href":"http:\/\/basakcilastik.com.tr\/index.php?rest_route=%2Fwp%2Fv2%2Fmedia&parent=15679"}],"wp:term":[{"taxonomy":"product_brand","embeddable":true,"href":"http:\/\/basakcilastik.com.tr\/index.php?rest_route=%2Fwp%2Fv2%2Fproduct_brand&post=15679"},{"taxonomy":"product_cat","embeddable":true,"href":"http:\/\/basakcilastik.com.tr\/index.php?rest_route=%2Fwp%2Fv2%2Fproduct_cat&post=15679"},{"taxonomy":"product_tag","embeddable":true,"href":"http:\/\/basakcilastik.com.tr\/index.php?rest_route=%2Fwp%2Fv2%2Fproduct_tag&post=15679"}],"curies":[{"name":"wp","href":"https:\/\/api.w.org\/{rel}","templated":true}]}}