{"id":15557,"date":"2020-07-27T19:35:04","date_gmt":"2020-07-27T19:35:04","guid":{"rendered":"https:\/\/basakcilastik.com.tr\/?post_type=product&#038;p=15557"},"modified":"2020-07-27T19:35:04","modified_gmt":"2020-07-27T19:35:04","slug":"draper-66446-allen-anahtar-seti-7-parca-inc-olcu-birimi","status":"publish","type":"product","link":"http:\/\/basakcilastik.com.tr\/?product=draper-66446-allen-anahtar-seti-7-parca-inc-olcu-birimi","title":{"rendered":"DRAPER 66446 Allen Anahtar Seti (7 Par\u00e7a, \u0130n\u00e7 \u00d6l\u00e7\u00fc Birimi)"},"content":{"rendered":"<p>DRAPER 66446 Allen Anahtar Seti (7 Par\u00e7a, \u0130n\u00e7 \u00d6l\u00e7\u00fc Birimi)<\/p>\n<p>&nbsp;<\/p>\n<ul>\n<li>\nSertle\u015ftirilmi\u015f ve \u0131s\u0131l i\u015flenmi\u015f krom vanadyum \u00e7elikten mamul<br \/>\n\u25cf Plastik ask\u0131l\u0131,<br \/>\n\u25cf Uzun tip<br \/>\n\u25cf \u00d6l\u00e7\u00fcler: 1\/8&#8242;, 5\/32&#8242;, 3\/16&#8242;, 7\/32&#8242;, 1\/4&#8242;, 5\/16&#8242; ve 3\/8&#8242;<\/li>\n<\/ul>\n<p>&nbsp;<\/p>\n","protected":false},"excerpt":{"rendered":"<p>DRAPER 66446 Allen Anahtar Seti (7 Par\u00e7a, \u0130n\u00e7 \u00d6l\u00e7\u00fc Birimi) &nbsp; Sertle\u015ftirilmi\u015f ve \u0131s\u0131l i\u015flenmi\u015f krom vanadyum \u00e7elikten mamul \u25cf Plastik ask\u0131l\u0131, \u25cf Uzun tip \u25cf \u00d6l\u00e7\u00fcler: 1\/8&#8242;, 5\/32&#8242;, 3\/16&#8242;, 7\/32&#8242;, 1\/4&#8242;, 5\/16&#8242; ve 3\/8&#8242; &nbsp;<\/p>\n","protected":false},"featured_media":15560,"comment_status":"open","ping_status":"closed","template":"","meta":[],"product_brand":[],"product_cat":[15,73,72],"product_tag":[],"class_list":{"0":"post-15557","1":"product","2":"type-product","3":"status-publish","4":"has-post-thumbnail","6":"product_cat-genel","7":"product_cat-anahtarlar","8":"product_cat-hirdavat","10":"first","11":"instock","12":"shipping-taxable","13":"product-type-simple"},"_links":{"self":[{"href":"http:\/\/basakcilastik.com.tr\/index.php?rest_route=\/wp\/v2\/product\/15557","targetHints":{"allow":["GET"]}}],"collection":[{"href":"http:\/\/basakcilastik.com.tr\/index.php?rest_route=\/wp\/v2\/product"}],"about":[{"href":"http:\/\/basakcilastik.com.tr\/index.php?rest_route=\/wp\/v2\/types\/product"}],"replies":[{"embeddable":true,"href":"http:\/\/basakcilastik.com.tr\/index.php?rest_route=%2Fwp%2Fv2%2Fcomments&post=15557"}],"wp:featuredmedia":[{"embeddable":true,"href":"http:\/\/basakcilastik.com.tr\/index.php?rest_route=\/wp\/v2\/media\/15560"}],"wp:attachment":[{"href":"http:\/\/basakcilastik.com.tr\/index.php?rest_route=%2Fwp%2Fv2%2Fmedia&parent=15557"}],"wp:term":[{"taxonomy":"product_brand","embeddable":true,"href":"http:\/\/basakcilastik.com.tr\/index.php?rest_route=%2Fwp%2Fv2%2Fproduct_brand&post=15557"},{"taxonomy":"product_cat","embeddable":true,"href":"http:\/\/basakcilastik.com.tr\/index.php?rest_route=%2Fwp%2Fv2%2Fproduct_cat&post=15557"},{"taxonomy":"product_tag","embeddable":true,"href":"http:\/\/basakcilastik.com.tr\/index.php?rest_route=%2Fwp%2Fv2%2Fproduct_tag&post=15557"}],"curies":[{"name":"wp","href":"https:\/\/api.w.org\/{rel}","templated":true}]}}