{"id":15555,"date":"2020-07-27T19:34:34","date_gmt":"2020-07-27T19:34:34","guid":{"rendered":"https:\/\/basakcilastik.com.tr\/?post_type=product&#038;p=15555"},"modified":"2020-07-27T19:34:34","modified_gmt":"2020-07-27T19:34:34","slug":"catal-iki-agiz-anahtarlar","status":"publish","type":"product","link":"http:\/\/basakcilastik.com.tr\/?product=catal-iki-agiz-anahtarlar","title":{"rendered":"\u00c7atal \u0130ki A\u011f\u0131z Anahtarlar"},"content":{"rendered":"<ul>\n<li>\u0130nd\u00fcksiyonla sertle\u015ftirilmi\u015f hassas a\u011f\u0131zlar.<\/li>\n<li>S\u0131cak d\u00f6v\u00fclm\u00fc\u015f,sertle\u015ftirilmi\u015f ve tavlanm\u0131\u015f chrome vanadium \u00e7elik.<\/li>\n<li>Parlat\u0131lm\u0131\u015f mat krom kaplama.<\/li>\n<li>D\u00fc\u015f\u00fck imalat toleranslar\u0131,anahtarlar\u0131n civata \u00fczerine kusursuz oturmas\u0131n\u0131 sa\u011flar.<\/li>\n<li>Civata ba\u015flar\u0131 kolay ge\u00e7en \u00f6zel profiller.<\/li>\n<li>Kaymay\u0131 engelleyen ergonomik tasar\u0131m.<\/li>\n<\/ul>\n<table width=\"100%\">\n<tbody>\n<tr>\n<td width=\"148\"><strong>\u00a0\u00dcr\u00fcn Kodu<\/strong><\/td>\n<td width=\"159\"><strong>\u00a0\u00d6l\u00e7\u00fc<\/strong><\/td>\n<td width=\"173\"><strong>\u00a0Paket \/ Koli<\/strong><\/td>\n<\/tr>\n<tr>\n<td width=\"148\">\u00a0RAA0607<\/td>\n<td width=\"159\">\u00a06 x 7 mm<\/td>\n<td width=\"173\">\u00a012 \/ 360 Adet<\/td>\n<\/tr>\n<tr>\n<td width=\"148\">\u00a0RAA0809<\/td>\n<td width=\"159\">\u00a08 x 9 mm<\/td>\n<td width=\"173\">\u00a012 \/ 360 Adet<\/td>\n<\/tr>\n<tr>\n<td width=\"148\">\u00a0RAA1011<\/td>\n<td width=\"159\">\u00a010 x 11 mm<\/td>\n<td width=\"173\">\u00a012 \/ 360 Adet<\/td>\n<\/tr>\n<tr>\n<td width=\"148\">\u00a0RAA1213<\/td>\n<td width=\"159\">\u00a012 x 13 mm<\/td>\n<td width=\"173\">\u00a012 \/ 240 Adet<\/td>\n<\/tr>\n<tr>\n<td width=\"148\">\u00a0RAA1415<\/td>\n<td width=\"159\">\u00a014 x 15 mm<\/td>\n<td width=\"173\">\u00a012 \/ 240 Adet<\/td>\n<\/tr>\n<tr>\n<td width=\"148\">\u00a0RAA1617<\/td>\n<td width=\"159\">\u00a016 x 17 mm<\/td>\n<td width=\"173\">\u00a012 \/ 180 Adet<\/td>\n<\/tr>\n<tr>\n<td width=\"148\">\u00a0RAA1819<\/td>\n<td width=\"159\">\u00a018 x 19 mm<\/td>\n<td width=\"173\">\u00a012 \/ 120 Adet<\/td>\n<\/tr>\n<tr>\n<td width=\"148\">\u00a0RAA2022<\/td>\n<td width=\"159\">\u00a020 x 22 mm<\/td>\n<td width=\"173\">\u00a012 \/ 120 Adet<\/td>\n<\/tr>\n<tr>\n<td width=\"148\">\u00a0RAA2123<\/td>\n<td width=\"159\">\u00a021 x 23 mm<\/td>\n<td width=\"173\">\u00a06 \/ 90 Adet<\/td>\n<\/tr>\n<tr>\n<td width=\"148\">\u00a0RAA2426<\/td>\n<td width=\"159\">\u00a024 x 26 mm<\/td>\n<td width=\"173\">\u00a06 \/ 60 Adet<\/td>\n<\/tr>\n<tr>\n<td width=\"148\">\u00a0RAA2427<\/td>\n<td width=\"159\">\u00a024 x 27 mm<\/td>\n<td width=\"173\">\u00a06 \/ 60 Adet<\/td>\n<\/tr>\n<tr>\n<td width=\"148\">\u00a0RAA2528<\/td>\n<td width=\"159\">\u00a025 x 28 mm<\/td>\n<td width=\"173\">\u00a06 \/ 60 Adet<\/td>\n<\/tr>\n<tr>\n<td width=\"148\">\u00a0RAA3032<\/td>\n<td width=\"159\">\u00a030 x 32 mm<\/td>\n<td width=\"173\">\u00a06 \/ 30 Adet<\/td>\n<\/tr>\n<tr>\n<td width=\"148\">\u00a0RAA3641<\/td>\n<td width=\"159\">\u00a036 x 41 mm<\/td>\n<td width=\"173\">\u00a05 \/ 20 Adet<\/td>\n<\/tr>\n<tr>\n<td width=\"148\">\u00a0RAA4146<\/td>\n<td width=\"159\">\u00a041 x 46 mm<\/td>\n<td width=\"173\">\u00a05 \/ 15 Adet<\/td>\n<\/tr>\n<\/tbody>\n<\/table>\n<p>&nbsp;<\/p>\n","protected":false},"excerpt":{"rendered":"<p>\u0130nd\u00fcksiyonla sertle\u015ftirilmi\u015f hassas a\u011f\u0131zlar. S\u0131cak d\u00f6v\u00fclm\u00fc\u015f,sertle\u015ftirilmi\u015f ve tavlanm\u0131\u015f chrome vanadium \u00e7elik. Parlat\u0131lm\u0131\u015f mat krom kaplama. D\u00fc\u015f\u00fck imalat toleranslar\u0131,anahtarlar\u0131n civata \u00fczerine kusursuz oturmas\u0131n\u0131 sa\u011flar. Civata ba\u015flar\u0131 kolay ge\u00e7en \u00f6zel profiller. Kaymay\u0131 engelleyen ergonomik tasar\u0131m. \u00a0\u00dcr\u00fcn Kodu \u00a0\u00d6l\u00e7\u00fc \u00a0Paket \/ Koli \u00a0RAA0607 \u00a06 x 7 mm \u00a012 \/ 360 Adet \u00a0RAA0809 \u00a08 x 9 mm \u00a012 \/ 360 Adet \u00a0RAA1011 \u00a010 x [&hellip;]<\/p>\n","protected":false},"featured_media":15558,"comment_status":"open","ping_status":"closed","template":"","meta":[],"product_brand":[],"product_cat":[15,73,72],"product_tag":[],"class_list":{"0":"post-15555","1":"product","2":"type-product","3":"status-publish","4":"has-post-thumbnail","6":"product_cat-genel","7":"product_cat-anahtarlar","8":"product_cat-hirdavat","10":"first","11":"instock","12":"shipping-taxable","13":"product-type-simple"},"_links":{"self":[{"href":"http:\/\/basakcilastik.com.tr\/index.php?rest_route=\/wp\/v2\/product\/15555","targetHints":{"allow":["GET"]}}],"collection":[{"href":"http:\/\/basakcilastik.com.tr\/index.php?rest_route=\/wp\/v2\/product"}],"about":[{"href":"http:\/\/basakcilastik.com.tr\/index.php?rest_route=\/wp\/v2\/types\/product"}],"replies":[{"embeddable":true,"href":"http:\/\/basakcilastik.com.tr\/index.php?rest_route=%2Fwp%2Fv2%2Fcomments&post=15555"}],"wp:featuredmedia":[{"embeddable":true,"href":"http:\/\/basakcilastik.com.tr\/index.php?rest_route=\/wp\/v2\/media\/15558"}],"wp:attachment":[{"href":"http:\/\/basakcilastik.com.tr\/index.php?rest_route=%2Fwp%2Fv2%2Fmedia&parent=15555"}],"wp:term":[{"taxonomy":"product_brand","embeddable":true,"href":"http:\/\/basakcilastik.com.tr\/index.php?rest_route=%2Fwp%2Fv2%2Fproduct_brand&post=15555"},{"taxonomy":"product_cat","embeddable":true,"href":"http:\/\/basakcilastik.com.tr\/index.php?rest_route=%2Fwp%2Fv2%2Fproduct_cat&post=15555"},{"taxonomy":"product_tag","embeddable":true,"href":"http:\/\/basakcilastik.com.tr\/index.php?rest_route=%2Fwp%2Fv2%2Fproduct_tag&post=15555"}],"curies":[{"name":"wp","href":"https:\/\/api.w.org\/{rel}","templated":true}]}}