{"id":15553,"date":"2020-07-27T19:33:54","date_gmt":"2020-07-27T19:33:54","guid":{"rendered":"https:\/\/basakcilastik.com.tr\/?post_type=product&#038;p=15553"},"modified":"2020-07-27T19:33:55","modified_gmt":"2020-07-27T19:33:55","slug":"catal-iki-agiz-anahtar-setleri","status":"publish","type":"product","link":"http:\/\/basakcilastik.com.tr\/?product=catal-iki-agiz-anahtar-setleri","title":{"rendered":"\u00c7atal \u0130ki A\u011f\u0131z Anahtar Setleri"},"content":{"rendered":"<ul>\n<li>\u0130nd\u00fcksiyonla sertle\u015ftrilmi\u015f hassas a\u011f\u0131zlar.<\/li>\n<li>S\u0131cak d\u00f6v\u00fclm\u00fc\u015f,sertle\u015ftrilmi\u015f ve tavlanm\u0131\u015f chrome vanadium \u00e7elik.<\/li>\n<li>\u00d6zel plastik klipsli ambalaj.<\/li>\n<li>S\u0131k kullan\u0131lan \u00f6l\u00e7\u00fclerden olu\u015fan setler.<\/li>\n<li>As\u0131labilir klipsli ask\u0131 i\u00e7inde tak\u0131m.<\/li>\n<\/ul>\n<p>8 pcs i\u00e7erik<\/p>\n<p>6&#215;7,8&#215;9,10&#215;11,12&#215;13,14&#215;15,16&#215;17,18&#215;19,20&#215;22<\/p>\n<p>12 pcs i\u00e7erik<\/p>\n<p>6&#215;7,8&#215;9,10&#215;11,12&#215;13,14&#215;15,16&#215;17,18&#215;19,20&#215;22,21&#215;23,24&#215;27,25&#215;28,30&#215;32<\/p>\n<table width=\"100%\">\n<tbody>\n<tr>\n<td width=\"148\"><strong>\u00a0\u00dcr\u00fcn Kodu<\/strong><\/td>\n<td width=\"159\"><strong>\u00a0\u00d6l\u00e7\u00fc<\/strong><\/td>\n<td width=\"173\"><strong>\u00a0Paket \/ Koli<\/strong><\/td>\n<\/tr>\n<tr>\n<td width=\"148\">\u00a0RAA6722<\/td>\n<td width=\"159\">\u00a08 pcs<\/td>\n<td width=\"173\">\u00a01 \/ 20 Adet<\/td>\n<\/tr>\n<tr>\n<td width=\"148\">\u00a0RAA6732<\/td>\n<td width=\"159\">\u00a012 pcs<\/td>\n<td width=\"173\">\u00a01 \/ 10 Adet<\/td>\n<\/tr>\n<\/tbody>\n<\/table>\n<p>&nbsp;<\/p>\n<p>&nbsp;<\/p>\n","protected":false},"excerpt":{"rendered":"<p>\u0130nd\u00fcksiyonla sertle\u015ftrilmi\u015f hassas a\u011f\u0131zlar. S\u0131cak d\u00f6v\u00fclm\u00fc\u015f,sertle\u015ftrilmi\u015f ve tavlanm\u0131\u015f chrome vanadium \u00e7elik. \u00d6zel plastik klipsli ambalaj. S\u0131k kullan\u0131lan \u00f6l\u00e7\u00fclerden olu\u015fan setler. As\u0131labilir klipsli ask\u0131 i\u00e7inde tak\u0131m. 8 pcs i\u00e7erik 6&#215;7,8&#215;9,10&#215;11,12&#215;13,14&#215;15,16&#215;17,18&#215;19,20&#215;22 12 pcs i\u00e7erik 6&#215;7,8&#215;9,10&#215;11,12&#215;13,14&#215;15,16&#215;17,18&#215;19,20&#215;22,21&#215;23,24&#215;27,25&#215;28,30&#215;32 \u00a0\u00dcr\u00fcn Kodu \u00a0\u00d6l\u00e7\u00fc \u00a0Paket \/ Koli \u00a0RAA6722 \u00a08 pcs \u00a01 \/ 20 Adet \u00a0RAA6732 \u00a012 pcs \u00a01 \/ 10 Adet &nbsp; &nbsp;<\/p>\n","protected":false},"featured_media":15556,"comment_status":"open","ping_status":"closed","template":"","meta":[],"product_brand":[],"product_cat":[15,73,72],"product_tag":[],"class_list":{"0":"post-15553","1":"product","2":"type-product","3":"status-publish","4":"has-post-thumbnail","6":"product_cat-genel","7":"product_cat-anahtarlar","8":"product_cat-hirdavat","10":"first","11":"instock","12":"shipping-taxable","13":"product-type-simple"},"_links":{"self":[{"href":"http:\/\/basakcilastik.com.tr\/index.php?rest_route=\/wp\/v2\/product\/15553","targetHints":{"allow":["GET"]}}],"collection":[{"href":"http:\/\/basakcilastik.com.tr\/index.php?rest_route=\/wp\/v2\/product"}],"about":[{"href":"http:\/\/basakcilastik.com.tr\/index.php?rest_route=\/wp\/v2\/types\/product"}],"replies":[{"embeddable":true,"href":"http:\/\/basakcilastik.com.tr\/index.php?rest_route=%2Fwp%2Fv2%2Fcomments&post=15553"}],"wp:featuredmedia":[{"embeddable":true,"href":"http:\/\/basakcilastik.com.tr\/index.php?rest_route=\/wp\/v2\/media\/15556"}],"wp:attachment":[{"href":"http:\/\/basakcilastik.com.tr\/index.php?rest_route=%2Fwp%2Fv2%2Fmedia&parent=15553"}],"wp:term":[{"taxonomy":"product_brand","embeddable":true,"href":"http:\/\/basakcilastik.com.tr\/index.php?rest_route=%2Fwp%2Fv2%2Fproduct_brand&post=15553"},{"taxonomy":"product_cat","embeddable":true,"href":"http:\/\/basakcilastik.com.tr\/index.php?rest_route=%2Fwp%2Fv2%2Fproduct_cat&post=15553"},{"taxonomy":"product_tag","embeddable":true,"href":"http:\/\/basakcilastik.com.tr\/index.php?rest_route=%2Fwp%2Fv2%2Fproduct_tag&post=15553"}],"curies":[{"name":"wp","href":"https:\/\/api.w.org\/{rel}","templated":true}]}}