{"id":15546,"date":"2020-07-27T19:31:11","date_gmt":"2020-07-27T19:31:11","guid":{"rendered":"https:\/\/basakcilastik.com.tr\/?post_type=product&#038;p=15546"},"modified":"2020-07-27T19:31:12","modified_gmt":"2020-07-27T19:31:12","slug":"crescent-ctk-110eu-profesyonel-lokma-anahtar-takimi-110-parca-metrik","status":"publish","type":"product","link":"http:\/\/basakcilastik.com.tr\/?product=crescent-ctk-110eu-profesyonel-lokma-anahtar-takimi-110-parca-metrik","title":{"rendered":"CRESCENT CTK 110EU Profesyonel Lokma Anahtar Tak\u0131m\u0131 (110 Par\u00e7a, Metrik)"},"content":{"rendered":"<p>Profesyonel Lokma Anahtar Tak\u0131m\u0131<\/p>\n<p>&nbsp;<\/p>\n<ul>\n<li>110 Par\u00e7a 1\/4&#8242; ve 1\/2&#8242; metrik lokma ve anahtar tak\u0131m\u0131<br \/>\n\u25cf Krom vanadyum \u00e7elik, sertle\u015ftirilmi\u015f, tavlanm\u0131\u015f, paslanmaya kar\u015f\u0131 cilal\u0131 mat krom<br \/>\nkaplama lokmalar,<br \/>\n\u25cf \u00c7ift y\u00f6nl\u00fc yumu\u015fak kavray\u0131\u015fl\u0131 c\u0131rc\u0131r kollar\u0131<br \/>\n\u25cf 6 noktal\u0131 geni\u015f somun kiri\u015fleri ile m\u00fckemmel kavrama,<br \/>\n\u25cf Sa\u011flam klipsli, ABS tutacakl\u0131, \u00f6zg\u00fcn \u00e7anta tasar\u0131m\u0131<br \/>\n\u25cf 15 adet 1\/2&#8242; lokma:10-11-12-13-14-15-17-18-19-20-21-22-23-24-27 mm<br \/>\n\u25cf 11 adet 1\/4&#8242; lokma: 4-5-6-7-8-9-10-11-12-13-14 mm<br \/>\n\u25cf 2 adet buji lokmas\u0131: 1\/2&#8242; : 16mm ve 21mm<br \/>\n\u25cf 2 adet universal mafsal: 1\/4&#8242; ve 1\/2&#8242;<br \/>\n\u25cf 1 adet 1\/2&#8242; uzatma kolu: 125mm<br \/>\n\u25cf 2 adet 1\/4&#8242; uzatma kolu: 50mm ve 100mm<br \/>\n\u25cf 1 adet 1\/4&#8242; esnek uzatma kolu 150mm<br \/>\n\u25cf 1 adet 1\/2&#8242; kayar kol , 250mm<br \/>\n\u25cf 1 adet 1\/4&#8242; kayar kol , 150mm<br \/>\n\u25cf 2 adet \u00e7ift y\u00f6nl\u00fc, 1\/4&#8242; ve 1\/2&#8242; h\u0131zl\u0131 lokma de\u011fi\u015fim butonlu c\u0131rc\u0131r kolu<br \/>\n\u25cf 11 adet kombine anahtar : 8-9-10-11-12-13-14-15-17-18-19-22mm<br \/>\n\u25cf 40 adet 1\/4&#8242; x 25mm krom vanadyum bits ucu<br \/>\n\u25cf 4 adet bits u\u00e7 mahfazas\u0131<br \/>\n\u25cf 8 adet allen anahtar: 1,5-2-2,5-3-4-5-5.5-6mm<br \/>\n\u25cf 1 adet allen anahtar mahfazas\u0131<br \/>\n\u25cf 1 adet 1\/4&#8242; bits tutuculu tornavida kolu<br \/>\n\u25cf 2 adet tornavida SL 6,5 X 100 , 5,5 X 75<br \/>\n\u25cf 2 adet tornavida PH: #2 x 100 , #1 X 75<br \/>\n\u25cf 1 adet kargaburun pense , 200mm, CrNi<br \/>\n\u25cf 1 adet yan keski , 150mm, CrNi<br \/>\n\u25cf 1 adet \u00e7ift kanat a\u00e7\u0131lma \u00f6zellikli plastik \u00e7anta<\/li>\n<\/ul>\n<p>&nbsp;<\/p>\n","protected":false},"excerpt":{"rendered":"<p>Profesyonel Lokma Anahtar Tak\u0131m\u0131 &nbsp; 110 Par\u00e7a 1\/4&#8242; ve 1\/2&#8242; metrik lokma ve anahtar tak\u0131m\u0131 \u25cf Krom vanadyum \u00e7elik, sertle\u015ftirilmi\u015f, tavlanm\u0131\u015f, paslanmaya kar\u015f\u0131 cilal\u0131 mat krom kaplama lokmalar, \u25cf \u00c7ift y\u00f6nl\u00fc yumu\u015fak kavray\u0131\u015fl\u0131 c\u0131rc\u0131r kollar\u0131 \u25cf 6 noktal\u0131 geni\u015f somun kiri\u015fleri ile m\u00fckemmel kavrama, \u25cf Sa\u011flam klipsli, ABS tutacakl\u0131, \u00f6zg\u00fcn \u00e7anta tasar\u0131m\u0131 \u25cf 15 adet 1\/2&#8242; lokma:10-11-12-13-14-15-17-18-19-20-21-22-23-24-27 mm \u25cf 11 [&hellip;]<\/p>\n","protected":false},"featured_media":15550,"comment_status":"open","ping_status":"closed","template":"","meta":[],"product_brand":[],"product_cat":[15,73,72],"product_tag":[],"class_list":{"0":"post-15546","1":"product","2":"type-product","3":"status-publish","4":"has-post-thumbnail","6":"product_cat-genel","7":"product_cat-anahtarlar","8":"product_cat-hirdavat","10":"first","11":"instock","12":"shipping-taxable","13":"product-type-simple"},"_links":{"self":[{"href":"http:\/\/basakcilastik.com.tr\/index.php?rest_route=\/wp\/v2\/product\/15546","targetHints":{"allow":["GET"]}}],"collection":[{"href":"http:\/\/basakcilastik.com.tr\/index.php?rest_route=\/wp\/v2\/product"}],"about":[{"href":"http:\/\/basakcilastik.com.tr\/index.php?rest_route=\/wp\/v2\/types\/product"}],"replies":[{"embeddable":true,"href":"http:\/\/basakcilastik.com.tr\/index.php?rest_route=%2Fwp%2Fv2%2Fcomments&post=15546"}],"wp:featuredmedia":[{"embeddable":true,"href":"http:\/\/basakcilastik.com.tr\/index.php?rest_route=\/wp\/v2\/media\/15550"}],"wp:attachment":[{"href":"http:\/\/basakcilastik.com.tr\/index.php?rest_route=%2Fwp%2Fv2%2Fmedia&parent=15546"}],"wp:term":[{"taxonomy":"product_brand","embeddable":true,"href":"http:\/\/basakcilastik.com.tr\/index.php?rest_route=%2Fwp%2Fv2%2Fproduct_brand&post=15546"},{"taxonomy":"product_cat","embeddable":true,"href":"http:\/\/basakcilastik.com.tr\/index.php?rest_route=%2Fwp%2Fv2%2Fproduct_cat&post=15546"},{"taxonomy":"product_tag","embeddable":true,"href":"http:\/\/basakcilastik.com.tr\/index.php?rest_route=%2Fwp%2Fv2%2Fproduct_tag&post=15546"}],"curies":[{"name":"wp","href":"https:\/\/api.w.org\/{rel}","templated":true}]}}