{"id":15137,"date":"2020-07-26T20:47:40","date_gmt":"2020-07-26T20:47:40","guid":{"rendered":"https:\/\/basakcilastik.com.tr\/?post_type=product&#038;p=15137"},"modified":"2020-07-26T20:47:41","modified_gmt":"2020-07-26T20:47:41","slug":"opt-p-6315-125-mm-taslama","status":"publish","type":"product","link":"http:\/\/basakcilastik.com.tr\/?product=opt-p-6315-125-mm-taslama","title":{"rendered":"OPT-P 6315 125 MM TA\u015eLAMA"},"content":{"rendered":"<p>OPT-P 6315 125 MM TA\u015eLAMA<\/p>\n<p><strong>Uzunluk: 262 mm<\/strong><br \/>\n<strong>Ta\u015f \u00c7ap\u0131: 125 mm<\/strong><br \/>\n<strong>Bo\u015fta Devir: 12.000 RPM<\/strong><br \/>\n<strong>G\u00fc\u00e7: 960\u00a0kW \/ 1.3 hp<\/strong><br \/>\n<strong>Hava T\u00fcketimi: 900\u00a0lt\/dk<\/strong><br \/>\n<strong>Hava Giri\u015f Nipeli: 3\/8&#8243;<\/strong><br \/>\n<strong>Hortum \u00c7ap\u0131: 10.00 mm<\/strong><br \/>\n<strong>\u00c7al\u0131\u015fma Bas\u0131nc\u0131: 6.3-8.0 at\u00fc)<\/strong><br \/>\n<strong>A\u011f\u0131rl\u0131k: 1.9 kg<\/strong><\/p>\n","protected":false},"excerpt":{"rendered":"<p>OPT-P 6315 125 MM TA\u015eLAMA Uzunluk: 262 mm Ta\u015f \u00c7ap\u0131: 125 mm Bo\u015fta Devir: 12.000 RPM G\u00fc\u00e7: 960\u00a0kW \/ 1.3 hp Hava T\u00fcketimi: 900\u00a0lt\/dk Hava Giri\u015f Nipeli: 3\/8&#8243; Hortum \u00c7ap\u0131: 10.00 mm \u00c7al\u0131\u015fma Bas\u0131nc\u0131: 6.3-8.0 at\u00fc) A\u011f\u0131rl\u0131k: 1.9 kg<\/p>\n","protected":false},"featured_media":15138,"comment_status":"open","ping_status":"closed","template":"","meta":[],"product_brand":[],"product_cat":[15,90,113],"product_tag":[],"class_list":{"0":"post-15137","1":"product","2":"type-product","3":"status-publish","4":"has-post-thumbnail","6":"product_cat-genel","7":"product_cat-havali-aletler","8":"product_cat-zimparalar-ve-taslamalar","10":"first","11":"instock","12":"shipping-taxable","13":"product-type-simple"},"_links":{"self":[{"href":"http:\/\/basakcilastik.com.tr\/index.php?rest_route=\/wp\/v2\/product\/15137","targetHints":{"allow":["GET"]}}],"collection":[{"href":"http:\/\/basakcilastik.com.tr\/index.php?rest_route=\/wp\/v2\/product"}],"about":[{"href":"http:\/\/basakcilastik.com.tr\/index.php?rest_route=\/wp\/v2\/types\/product"}],"replies":[{"embeddable":true,"href":"http:\/\/basakcilastik.com.tr\/index.php?rest_route=%2Fwp%2Fv2%2Fcomments&post=15137"}],"wp:featuredmedia":[{"embeddable":true,"href":"http:\/\/basakcilastik.com.tr\/index.php?rest_route=\/wp\/v2\/media\/15138"}],"wp:attachment":[{"href":"http:\/\/basakcilastik.com.tr\/index.php?rest_route=%2Fwp%2Fv2%2Fmedia&parent=15137"}],"wp:term":[{"taxonomy":"product_brand","embeddable":true,"href":"http:\/\/basakcilastik.com.tr\/index.php?rest_route=%2Fwp%2Fv2%2Fproduct_brand&post=15137"},{"taxonomy":"product_cat","embeddable":true,"href":"http:\/\/basakcilastik.com.tr\/index.php?rest_route=%2Fwp%2Fv2%2Fproduct_cat&post=15137"},{"taxonomy":"product_tag","embeddable":true,"href":"http:\/\/basakcilastik.com.tr\/index.php?rest_route=%2Fwp%2Fv2%2Fproduct_tag&post=15137"}],"curies":[{"name":"wp","href":"https:\/\/api.w.org\/{rel}","templated":true}]}}