{"id":14725,"date":"2020-07-25T22:03:32","date_gmt":"2020-07-25T22:03:32","guid":{"rendered":"https:\/\/basakcilastik.com.tr\/?post_type=product&#038;p=14725"},"modified":"2020-07-25T22:03:33","modified_gmt":"2020-07-25T22:03:33","slug":"opt-gk-kp40yd801-guc-kaynagi","status":"publish","type":"product","link":"http:\/\/basakcilastik.com.tr\/?product=opt-gk-kp40yd801-guc-kaynagi","title":{"rendered":"OPT-GK KP40YD801 G\u00dc\u00c7 KAYNA\u011eI"},"content":{"rendered":"<table width=\"870\">\n<tbody>\n<tr>\n<td width=\"90\"><strong>Boyutlar<\/strong><\/td>\n<td colspan=\"2\"><strong>\u00c7al\u0131\u015fma Voltaj\u0131<\/strong><\/td>\n<td><strong>\u00c7\u0131k\u0131\u015f Voltaj\u0131<\/strong><\/td>\n<td width=\"120\"><strong>\u00c7\u0131k\u0131\u015f Kapasitesi<\/strong><\/td>\n<td width=\"50\"><strong>A\u011f\u0131rl\u0131k<\/strong><\/td>\n<td colspan=\"4\" rowspan=\"2\"><strong>Uygun Model Gruplar\u0131<\/strong><\/td>\n<\/tr>\n<tr>\n<td width=\"90\"><strong>mm<\/strong><\/td>\n<td colspan=\"2\"><strong>AC<\/strong><\/td>\n<td colspan=\"2\"><strong>DC<\/strong><\/td>\n<td width=\"50\"><strong>kg<\/strong><\/td>\n<\/tr>\n<tr>\n<td width=\"90\"><strong>247x130x100<\/strong><\/td>\n<td width=\"49\"><strong>150V<\/strong><\/td>\n<td width=\"46\"><strong>230V<\/strong><\/td>\n<td><strong>24V-32V-40V<\/strong><\/td>\n<td width=\"120\"><strong>Low\/Hi\u00a0Max. 9A<\/strong><\/td>\n<td width=\"50\"><strong>2,40<\/strong><\/td>\n<td width=\"30\"><strong>\u00a0<\/strong><\/td>\n<td width=\"30\"><strong>\u00a0<\/strong><\/td>\n<td width=\"30\"><strong>\u00a0<\/strong><\/td>\n<td width=\"30\"><strong>\u00a0<\/strong><\/td>\n<\/tr>\n<tr>\n<td width=\"103\"><\/td>\n<td width=\"55\"><\/td>\n<td width=\"55\"><\/td>\n<td width=\"325\"><\/td>\n<td width=\"120\"><\/td>\n<td width=\"64\"><\/td>\n<td width=\"37\"><\/td>\n<td width=\"37\"><\/td>\n<td width=\"37\"><\/td>\n<td width=\"37\"><\/td>\n<\/tr>\n<\/tbody>\n<\/table>\n<p>&nbsp;<\/p>\n","protected":false},"excerpt":{"rendered":"<p>Boyutlar \u00c7al\u0131\u015fma Voltaj\u0131 \u00c7\u0131k\u0131\u015f Voltaj\u0131 \u00c7\u0131k\u0131\u015f Kapasitesi A\u011f\u0131rl\u0131k Uygun Model Gruplar\u0131 mm AC DC kg 247x130x100 150V 230V 24V-32V-40V Low\/Hi\u00a0Max. 9A 2,40 \u00a0 \u00a0 \u00a0 \u00a0 &nbsp;<\/p>\n","protected":false},"featured_media":14730,"comment_status":"open","ping_status":"closed","template":"","meta":[],"product_brand":[],"product_cat":[15,90,111],"product_tag":[],"class_list":{"0":"post-14725","1":"product","2":"type-product","3":"status-publish","4":"has-post-thumbnail","6":"product_cat-genel","7":"product_cat-havali-aletler","8":"product_cat-tornavidalar-havali-aletler","10":"first","11":"instock","12":"shipping-taxable","13":"product-type-simple"},"_links":{"self":[{"href":"http:\/\/basakcilastik.com.tr\/index.php?rest_route=\/wp\/v2\/product\/14725","targetHints":{"allow":["GET"]}}],"collection":[{"href":"http:\/\/basakcilastik.com.tr\/index.php?rest_route=\/wp\/v2\/product"}],"about":[{"href":"http:\/\/basakcilastik.com.tr\/index.php?rest_route=\/wp\/v2\/types\/product"}],"replies":[{"embeddable":true,"href":"http:\/\/basakcilastik.com.tr\/index.php?rest_route=%2Fwp%2Fv2%2Fcomments&post=14725"}],"wp:featuredmedia":[{"embeddable":true,"href":"http:\/\/basakcilastik.com.tr\/index.php?rest_route=\/wp\/v2\/media\/14730"}],"wp:attachment":[{"href":"http:\/\/basakcilastik.com.tr\/index.php?rest_route=%2Fwp%2Fv2%2Fmedia&parent=14725"}],"wp:term":[{"taxonomy":"product_brand","embeddable":true,"href":"http:\/\/basakcilastik.com.tr\/index.php?rest_route=%2Fwp%2Fv2%2Fproduct_brand&post=14725"},{"taxonomy":"product_cat","embeddable":true,"href":"http:\/\/basakcilastik.com.tr\/index.php?rest_route=%2Fwp%2Fv2%2Fproduct_cat&post=14725"},{"taxonomy":"product_tag","embeddable":true,"href":"http:\/\/basakcilastik.com.tr\/index.php?rest_route=%2Fwp%2Fv2%2Fproduct_tag&post=14725"}],"curies":[{"name":"wp","href":"https:\/\/api.w.org\/{rel}","templated":true}]}}