{"id":14501,"date":"2020-07-25T20:56:48","date_gmt":"2020-07-25T20:56:48","guid":{"rendered":"https:\/\/basakcilastik.com.tr\/?post_type=product&#038;p=14501"},"modified":"2020-07-25T20:56:49","modified_gmt":"2020-07-25T20:56:49","slug":"osa-yp307-polisaj-kecesi-yun","status":"publish","type":"product","link":"http:\/\/basakcilastik.com.tr\/?product=osa-yp307-polisaj-kecesi-yun","title":{"rendered":"OSA-YP307 POL\u0130SAJ KE\u00c7ES\u0130 Y\u00dcN"},"content":{"rendered":"<p>OSA-YP307 POL\u0130SAJ KE\u00c7ES\u0130 Y\u00dcN<\/p>\n<p><strong>OSA-YP307\u00a0&#8211;\u00a075 mm Y\u00fcn Polisaj<\/strong><\/p>\n","protected":false},"excerpt":{"rendered":"<p>OSA-YP307 POL\u0130SAJ KE\u00c7ES\u0130 Y\u00dcN OSA-YP307\u00a0&#8211;\u00a075 mm Y\u00fcn Polisaj<\/p>\n","protected":false},"featured_media":14503,"comment_status":"open","ping_status":"closed","template":"","meta":[],"product_brand":[],"product_cat":[15,90,112],"product_tag":[],"class_list":{"0":"post-14501","1":"product","2":"type-product","3":"status-publish","4":"has-post-thumbnail","6":"product_cat-genel","7":"product_cat-havali-aletler","8":"product_cat-yedek-parcalar","10":"first","11":"instock","12":"shipping-taxable","13":"product-type-simple"},"_links":{"self":[{"href":"http:\/\/basakcilastik.com.tr\/index.php?rest_route=\/wp\/v2\/product\/14501","targetHints":{"allow":["GET"]}}],"collection":[{"href":"http:\/\/basakcilastik.com.tr\/index.php?rest_route=\/wp\/v2\/product"}],"about":[{"href":"http:\/\/basakcilastik.com.tr\/index.php?rest_route=\/wp\/v2\/types\/product"}],"replies":[{"embeddable":true,"href":"http:\/\/basakcilastik.com.tr\/index.php?rest_route=%2Fwp%2Fv2%2Fcomments&post=14501"}],"wp:featuredmedia":[{"embeddable":true,"href":"http:\/\/basakcilastik.com.tr\/index.php?rest_route=\/wp\/v2\/media\/14503"}],"wp:attachment":[{"href":"http:\/\/basakcilastik.com.tr\/index.php?rest_route=%2Fwp%2Fv2%2Fmedia&parent=14501"}],"wp:term":[{"taxonomy":"product_brand","embeddable":true,"href":"http:\/\/basakcilastik.com.tr\/index.php?rest_route=%2Fwp%2Fv2%2Fproduct_brand&post=14501"},{"taxonomy":"product_cat","embeddable":true,"href":"http:\/\/basakcilastik.com.tr\/index.php?rest_route=%2Fwp%2Fv2%2Fproduct_cat&post=14501"},{"taxonomy":"product_tag","embeddable":true,"href":"http:\/\/basakcilastik.com.tr\/index.php?rest_route=%2Fwp%2Fv2%2Fproduct_tag&post=14501"}],"curies":[{"name":"wp","href":"https:\/\/api.w.org\/{rel}","templated":true}]}}