{"id":14272,"date":"2020-07-25T19:31:50","date_gmt":"2020-07-25T19:31:50","guid":{"rendered":"https:\/\/basakcilastik.com.tr\/?post_type=product&#038;p=14272"},"modified":"2020-07-25T19:31:50","modified_gmt":"2020-07-25T19:31:50","slug":"opc-55012-impulse-alet","status":"publish","type":"product","link":"http:\/\/basakcilastik.com.tr\/?product=opc-55012-impulse-alet","title":{"rendered":"OPC 55012 IMPULSE ALET"},"content":{"rendered":"<p>OPC 55012<\/p>\n<p><strong>Civata \u00c7ap\u0131: M12-M14<\/strong><br \/>\n<strong>Soket Karesi: 1\/2&#8243;<\/strong><br \/>\n<strong>Tork Aral\u0131\u011f\u0131: 75-120 Nm<\/strong><br \/>\n<strong>Bo\u015fta Devir: 5.300 RPM<\/strong><br \/>\n<strong>Hortum \u00c7ap\u0131: 8.00 mm<\/strong><br \/>\n<strong>Hava Giri\u015f Nipeli: 1\/4&#8243;<\/strong><br \/>\n<strong>Hava T\u00fcketimi: 550 lt\/dk<\/strong><br \/>\n<strong>Ses \u015eiddeti: 84 dB(A)<\/strong><br \/>\n<strong>\u00c7al\u0131\u015fma Bas\u0131nc\u0131: 6.3 bar<\/strong><br \/>\n<strong>A\u011f\u0131rl\u0131k: 1.87 kg<\/strong><\/p>\n<p>&nbsp;<\/p>\n","protected":false},"excerpt":{"rendered":"<p>OPC 55012 Civata \u00c7ap\u0131: M12-M14 Soket Karesi: 1\/2&#8243; Tork Aral\u0131\u011f\u0131: 75-120 Nm Bo\u015fta Devir: 5.300 RPM Hortum \u00c7ap\u0131: 8.00 mm Hava Giri\u015f Nipeli: 1\/4&#8243; Hava T\u00fcketimi: 550 lt\/dk Ses \u015eiddeti: 84 dB(A) \u00c7al\u0131\u015fma Bas\u0131nc\u0131: 6.3 bar A\u011f\u0131rl\u0131k: 1.87 kg &nbsp;<\/p>\n","protected":false},"featured_media":14276,"comment_status":"open","ping_status":"closed","template":"","meta":[],"product_brand":[],"product_cat":[15,90,111],"product_tag":[],"class_list":{"0":"post-14272","1":"product","2":"type-product","3":"status-publish","4":"has-post-thumbnail","6":"product_cat-genel","7":"product_cat-havali-aletler","8":"product_cat-tornavidalar-havali-aletler","10":"first","11":"instock","12":"shipping-taxable","13":"product-type-simple"},"_links":{"self":[{"href":"http:\/\/basakcilastik.com.tr\/index.php?rest_route=\/wp\/v2\/product\/14272","targetHints":{"allow":["GET"]}}],"collection":[{"href":"http:\/\/basakcilastik.com.tr\/index.php?rest_route=\/wp\/v2\/product"}],"about":[{"href":"http:\/\/basakcilastik.com.tr\/index.php?rest_route=\/wp\/v2\/types\/product"}],"replies":[{"embeddable":true,"href":"http:\/\/basakcilastik.com.tr\/index.php?rest_route=%2Fwp%2Fv2%2Fcomments&post=14272"}],"wp:featuredmedia":[{"embeddable":true,"href":"http:\/\/basakcilastik.com.tr\/index.php?rest_route=\/wp\/v2\/media\/14276"}],"wp:attachment":[{"href":"http:\/\/basakcilastik.com.tr\/index.php?rest_route=%2Fwp%2Fv2%2Fmedia&parent=14272"}],"wp:term":[{"taxonomy":"product_brand","embeddable":true,"href":"http:\/\/basakcilastik.com.tr\/index.php?rest_route=%2Fwp%2Fv2%2Fproduct_brand&post=14272"},{"taxonomy":"product_cat","embeddable":true,"href":"http:\/\/basakcilastik.com.tr\/index.php?rest_route=%2Fwp%2Fv2%2Fproduct_cat&post=14272"},{"taxonomy":"product_tag","embeddable":true,"href":"http:\/\/basakcilastik.com.tr\/index.php?rest_route=%2Fwp%2Fv2%2Fproduct_tag&post=14272"}],"curies":[{"name":"wp","href":"https:\/\/api.w.org\/{rel}","templated":true}]}}