{"id":13523,"date":"2020-07-24T19:55:36","date_gmt":"2020-07-24T19:55:36","guid":{"rendered":"https:\/\/basakcilastik.com.tr\/?post_type=product&#038;p=13523"},"modified":"2020-07-24T19:55:36","modified_gmt":"2020-07-24T19:55:36","slug":"yama-at-6015-4-8mm-pop-percin-pensi","status":"publish","type":"product","link":"http:\/\/basakcilastik.com.tr\/?product=yama-at-6015-4-8mm-pop-percin-pensi","title":{"rendered":"Yama AT 6015 4.8mm Pop Per\u00e7in Pensi"},"content":{"rendered":"<p>-hidrolik pistonlu uzun boyunlu al\u00fcminyum per\u00e7inler i\u00e7in<\/p>\n<p>per\u00e7inleme kapasitesi : 2,4\u2026.4,8 mm\u00a0\u00a0\u00a0\u00a0\u00a0\u00a0 3\/32\u201d\u2026.3\/16\u201d Standart Per\u00e7in<\/p>\n<p>\u00e7ekme mesafesi : 16 mm<\/p>\n<p>\u00e7ekme g\u00fcc\u00fc : 850 kg \/ 1870 \u0131bs<\/p>\n<p>\u00e7al\u0131\u015fma bas\u0131nc\u0131 : 6,5 bar \/ 93-95 psi<\/p>\n<p>hava sarfiyat\u0131 : 110 lt\/dk<\/p>\n<p>giri\u015f rekoru : \u00bc\u201d<\/p>\n<p>hortum i\u00e7 \u00e7ap\u0131 : 3\/8\u201d \/ 10 mm<\/p>\n<p>uzunluk : 273 mm<\/p>\n<p>a\u011f\u0131rl\u0131k : 1475 gr<\/p>\n<p>&nbsp;<\/p>\n","protected":false},"excerpt":{"rendered":"<p>-hidrolik pistonlu uzun boyunlu al\u00fcminyum per\u00e7inler i\u00e7in per\u00e7inleme kapasitesi : 2,4\u2026.4,8 mm\u00a0\u00a0\u00a0\u00a0\u00a0\u00a0 3\/32\u201d\u2026.3\/16\u201d Standart Per\u00e7in \u00e7ekme mesafesi : 16 mm \u00e7ekme g\u00fcc\u00fc : 850 kg \/ 1870 \u0131bs \u00e7al\u0131\u015fma bas\u0131nc\u0131 : 6,5 bar \/ 93-95 psi hava sarfiyat\u0131 : 110 lt\/dk giri\u015f rekoru : \u00bc\u201d hortum i\u00e7 \u00e7ap\u0131 : 3\/8\u201d \/ 10 mm uzunluk : 273 mm a\u011f\u0131rl\u0131k : 1475 [&hellip;]<\/p>\n","protected":false},"featured_media":13526,"comment_status":"open","ping_status":"closed","template":"","meta":[],"product_brand":[],"product_cat":[15,90,106],"product_tag":[],"class_list":{"0":"post-13523","1":"product","2":"type-product","3":"status-publish","4":"has-post-thumbnail","6":"product_cat-genel","7":"product_cat-havali-aletler","8":"product_cat-percin-tabancalari","10":"first","11":"instock","12":"shipping-taxable","13":"product-type-simple"},"_links":{"self":[{"href":"http:\/\/basakcilastik.com.tr\/index.php?rest_route=\/wp\/v2\/product\/13523","targetHints":{"allow":["GET"]}}],"collection":[{"href":"http:\/\/basakcilastik.com.tr\/index.php?rest_route=\/wp\/v2\/product"}],"about":[{"href":"http:\/\/basakcilastik.com.tr\/index.php?rest_route=\/wp\/v2\/types\/product"}],"replies":[{"embeddable":true,"href":"http:\/\/basakcilastik.com.tr\/index.php?rest_route=%2Fwp%2Fv2%2Fcomments&post=13523"}],"wp:featuredmedia":[{"embeddable":true,"href":"http:\/\/basakcilastik.com.tr\/index.php?rest_route=\/wp\/v2\/media\/13526"}],"wp:attachment":[{"href":"http:\/\/basakcilastik.com.tr\/index.php?rest_route=%2Fwp%2Fv2%2Fmedia&parent=13523"}],"wp:term":[{"taxonomy":"product_brand","embeddable":true,"href":"http:\/\/basakcilastik.com.tr\/index.php?rest_route=%2Fwp%2Fv2%2Fproduct_brand&post=13523"},{"taxonomy":"product_cat","embeddable":true,"href":"http:\/\/basakcilastik.com.tr\/index.php?rest_route=%2Fwp%2Fv2%2Fproduct_cat&post=13523"},{"taxonomy":"product_tag","embeddable":true,"href":"http:\/\/basakcilastik.com.tr\/index.php?rest_route=%2Fwp%2Fv2%2Fproduct_tag&post=13523"}],"curies":[{"name":"wp","href":"https:\/\/api.w.org\/{rel}","templated":true}]}}