{"id":13489,"date":"2020-07-24T19:42:32","date_gmt":"2020-07-24T19:42:32","guid":{"rendered":"https:\/\/basakcilastik.com.tr\/?post_type=product&#038;p=13489"},"modified":"2020-07-24T19:42:33","modified_gmt":"2020-07-24T19:42:33","slug":"opt-p-5050-ve-opt-p-5050as-imbus-civata-adaptoru","status":"publish","type":"product","link":"http:\/\/basakcilastik.com.tr\/?product=opt-p-5050-ve-opt-p-5050as-imbus-civata-adaptoru","title":{"rendered":"OPT-P 5050 VE OPT-P 5050AS IMBUS C\u0130VATA ADAPT\u00d6R\u00dc"},"content":{"rendered":"<p>OPT-P 5050 VE OPT-P 5050AS IMBUS C\u0130VATA ADAPT\u00d6R\u00dc<\/p>\n","protected":false},"excerpt":{"rendered":"<p>OPT-P 5050 VE OPT-P 5050AS IMBUS C\u0130VATA ADAPT\u00d6R\u00dc<\/p>\n","protected":false},"featured_media":13492,"comment_status":"open","ping_status":"closed","template":"","meta":[],"product_brand":[],"product_cat":[15,90,106],"product_tag":[],"class_list":{"0":"post-13489","1":"product","2":"type-product","3":"status-publish","4":"has-post-thumbnail","6":"product_cat-genel","7":"product_cat-havali-aletler","8":"product_cat-percin-tabancalari","10":"first","11":"instock","12":"shipping-taxable","13":"product-type-simple"},"_links":{"self":[{"href":"http:\/\/basakcilastik.com.tr\/index.php?rest_route=\/wp\/v2\/product\/13489","targetHints":{"allow":["GET"]}}],"collection":[{"href":"http:\/\/basakcilastik.com.tr\/index.php?rest_route=\/wp\/v2\/product"}],"about":[{"href":"http:\/\/basakcilastik.com.tr\/index.php?rest_route=\/wp\/v2\/types\/product"}],"replies":[{"embeddable":true,"href":"http:\/\/basakcilastik.com.tr\/index.php?rest_route=%2Fwp%2Fv2%2Fcomments&post=13489"}],"wp:featuredmedia":[{"embeddable":true,"href":"http:\/\/basakcilastik.com.tr\/index.php?rest_route=\/wp\/v2\/media\/13492"}],"wp:attachment":[{"href":"http:\/\/basakcilastik.com.tr\/index.php?rest_route=%2Fwp%2Fv2%2Fmedia&parent=13489"}],"wp:term":[{"taxonomy":"product_brand","embeddable":true,"href":"http:\/\/basakcilastik.com.tr\/index.php?rest_route=%2Fwp%2Fv2%2Fproduct_brand&post=13489"},{"taxonomy":"product_cat","embeddable":true,"href":"http:\/\/basakcilastik.com.tr\/index.php?rest_route=%2Fwp%2Fv2%2Fproduct_cat&post=13489"},{"taxonomy":"product_tag","embeddable":true,"href":"http:\/\/basakcilastik.com.tr\/index.php?rest_route=%2Fwp%2Fv2%2Fproduct_tag&post=13489"}],"curies":[{"name":"wp","href":"https:\/\/api.w.org\/{rel}","templated":true}]}}