{"id":13473,"date":"2020-07-24T19:35:56","date_gmt":"2020-07-24T19:35:56","guid":{"rendered":"https:\/\/basakcilastik.com.tr\/?post_type=product&#038;p=13473"},"modified":"2020-07-24T19:35:56","modified_gmt":"2020-07-24T19:35:56","slug":"kpt-nc0s-1s-2s-3s-percin-cekicleri","status":"publish","type":"product","link":"http:\/\/basakcilastik.com.tr\/?product=kpt-nc0s-1s-2s-3s-percin-cekicleri","title":{"rendered":"KPT-NC0S-1S-2S-3S PER\u00c7\u0130N \u00c7EK\u0130\u00c7LER\u0130"},"content":{"rendered":"<p>KPT-NC0S-1S-2S-3S PER\u00c7\u0130N \u00c7EK\u0130\u00c7LER\u0130<\/p>\n","protected":false},"excerpt":{"rendered":"<p>KPT-NC0S-1S-2S-3S PER\u00c7\u0130N \u00c7EK\u0130\u00c7LER\u0130<\/p>\n","protected":false},"featured_media":13476,"comment_status":"open","ping_status":"closed","template":"","meta":[],"product_brand":[],"product_cat":[15,90,106],"product_tag":[],"class_list":{"0":"post-13473","1":"product","2":"type-product","3":"status-publish","4":"has-post-thumbnail","6":"product_cat-genel","7":"product_cat-havali-aletler","8":"product_cat-percin-tabancalari","10":"first","11":"instock","12":"shipping-taxable","13":"product-type-simple"},"_links":{"self":[{"href":"http:\/\/basakcilastik.com.tr\/index.php?rest_route=\/wp\/v2\/product\/13473","targetHints":{"allow":["GET"]}}],"collection":[{"href":"http:\/\/basakcilastik.com.tr\/index.php?rest_route=\/wp\/v2\/product"}],"about":[{"href":"http:\/\/basakcilastik.com.tr\/index.php?rest_route=\/wp\/v2\/types\/product"}],"replies":[{"embeddable":true,"href":"http:\/\/basakcilastik.com.tr\/index.php?rest_route=%2Fwp%2Fv2%2Fcomments&post=13473"}],"wp:featuredmedia":[{"embeddable":true,"href":"http:\/\/basakcilastik.com.tr\/index.php?rest_route=\/wp\/v2\/media\/13476"}],"wp:attachment":[{"href":"http:\/\/basakcilastik.com.tr\/index.php?rest_route=%2Fwp%2Fv2%2Fmedia&parent=13473"}],"wp:term":[{"taxonomy":"product_brand","embeddable":true,"href":"http:\/\/basakcilastik.com.tr\/index.php?rest_route=%2Fwp%2Fv2%2Fproduct_brand&post=13473"},{"taxonomy":"product_cat","embeddable":true,"href":"http:\/\/basakcilastik.com.tr\/index.php?rest_route=%2Fwp%2Fv2%2Fproduct_cat&post=13473"},{"taxonomy":"product_tag","embeddable":true,"href":"http:\/\/basakcilastik.com.tr\/index.php?rest_route=%2Fwp%2Fv2%2Fproduct_tag&post=13473"}],"curies":[{"name":"wp","href":"https:\/\/api.w.org\/{rel}","templated":true}]}}