{"id":13417,"date":"2020-07-24T16:29:27","date_gmt":"2020-07-24T16:29:27","guid":{"rendered":"https:\/\/basakcilastik.com.tr\/?post_type=product&#038;p=13417"},"modified":"2020-07-24T16:29:28","modified_gmt":"2020-07-24T16:29:28","slug":"yama-at-4031c-kabzali-havali-matkap-10-mm-sag-sol","status":"publish","type":"product","link":"http:\/\/basakcilastik.com.tr\/?product=yama-at-4031c-kabzali-havali-matkap-10-mm-sag-sol","title":{"rendered":"YAMA AT-4031C Kabzal\u0131 Haval\u0131 Matkap 10 mm Sa\u011f Sol"},"content":{"rendered":"<p>YAMA AT-4031C Kabzal\u0131 Haval\u0131 Matkap 10 mm Sa\u011f Sol<\/p>\n","protected":false},"excerpt":{"rendered":"<p>YAMA AT-4031C Kabzal\u0131 Haval\u0131 Matkap 10 mm Sa\u011f Sol<\/p>\n","protected":false},"featured_media":13420,"comment_status":"open","ping_status":"closed","template":"","meta":[],"product_brand":[],"product_cat":[15,90,104],"product_tag":[],"class_list":{"0":"post-13417","1":"product","2":"type-product","3":"status-publish","4":"has-post-thumbnail","6":"product_cat-genel","7":"product_cat-havali-aletler","8":"product_cat-matkaplar-havali-aletler","10":"first","11":"instock","12":"shipping-taxable","13":"product-type-simple"},"_links":{"self":[{"href":"http:\/\/basakcilastik.com.tr\/index.php?rest_route=\/wp\/v2\/product\/13417","targetHints":{"allow":["GET"]}}],"collection":[{"href":"http:\/\/basakcilastik.com.tr\/index.php?rest_route=\/wp\/v2\/product"}],"about":[{"href":"http:\/\/basakcilastik.com.tr\/index.php?rest_route=\/wp\/v2\/types\/product"}],"replies":[{"embeddable":true,"href":"http:\/\/basakcilastik.com.tr\/index.php?rest_route=%2Fwp%2Fv2%2Fcomments&post=13417"}],"wp:featuredmedia":[{"embeddable":true,"href":"http:\/\/basakcilastik.com.tr\/index.php?rest_route=\/wp\/v2\/media\/13420"}],"wp:attachment":[{"href":"http:\/\/basakcilastik.com.tr\/index.php?rest_route=%2Fwp%2Fv2%2Fmedia&parent=13417"}],"wp:term":[{"taxonomy":"product_brand","embeddable":true,"href":"http:\/\/basakcilastik.com.tr\/index.php?rest_route=%2Fwp%2Fv2%2Fproduct_brand&post=13417"},{"taxonomy":"product_cat","embeddable":true,"href":"http:\/\/basakcilastik.com.tr\/index.php?rest_route=%2Fwp%2Fv2%2Fproduct_cat&post=13417"},{"taxonomy":"product_tag","embeddable":true,"href":"http:\/\/basakcilastik.com.tr\/index.php?rest_route=%2Fwp%2Fv2%2Fproduct_tag&post=13417"}],"curies":[{"name":"wp","href":"https:\/\/api.w.org\/{rel}","templated":true}]}}