{"id":13283,"date":"2020-07-24T15:42:12","date_gmt":"2020-07-24T15:42:12","guid":{"rendered":"https:\/\/basakcilastik.com.tr\/?post_type=product&#038;p=13283"},"modified":"2020-07-24T15:42:12","modified_gmt":"2020-07-24T15:42:12","slug":"d10-1-anahtar-mandirenli-sappower-havali-el-aletleri-havali-matkap","status":"publish","type":"product","link":"http:\/\/basakcilastik.com.tr\/?product=d10-1-anahtar-mandirenli-sappower-havali-el-aletleri-havali-matkap","title":{"rendered":"D10-1 ANAHTAR MANDIRENL\u0130 SAPPOWER HAVALI EL ALETLER\u0130 HAVALI MATKAP"},"content":{"rendered":"<table width=\"700\">\n<tbody>\n<tr>\n<td colspan=\"3\"><strong>D10-1\u00a0ANAHTAR MANDIRENL\u0130 SAPPOWER HAVALI EL ALETLER\u0130 HAVALI MATKAP<\/strong><\/td>\n<\/tr>\n<tr>\n<td colspan=\"2\"><strong>H\u0131zl\u0131 ve g\u00fc\u00e7l\u00fc. Montaj i\u015flerinizdepratik yard\u0131mc\u0131n\u0131z.<\/strong><\/p>\n<ul>\n<li>Saglam ve hafif al\u00fcminyum\u00a0g\u00f6vde,<\/li>\n<li>g\u00fcvenli \u00e7al\u0131\u015fmay\u0131 sa\u011flayan ergonomik yap\u0131<\/li>\n<\/ul>\n<p><strong>Kullan\u0131m Alanlar\u0131 Metal ahsap ve plastik i\u015flerinde<\/strong><\/p>\n<p>&nbsp;<\/td>\n<td rowspan=\"13\" width=\"295\"><\/td>\n<\/tr>\n<tr>\n<td width=\"162\"><strong>\u00dcr\u00fcn Kodu<\/strong><\/td>\n<td width=\"155\">D10-1<\/td>\n<\/tr>\n<tr>\n<td><strong>G\u00f6vde Materyali<\/strong><\/td>\n<td>AL\u00dcM\u0130N\u0130UM<\/td>\n<\/tr>\n<tr>\n<td><strong>Mandren Kapasitesi<\/strong><\/td>\n<td>10 mm<\/td>\n<\/tr>\n<tr>\n<td><strong>Mandren Tipi<\/strong><\/td>\n<td>ANAHTARLI KEYD<\/td>\n<\/tr>\n<tr>\n<td><strong>\u00a0Mekanizma<\/strong><\/td>\n<td>STANDART<\/td>\n<\/tr>\n<tr>\n<td><strong>Di\u015fli Tipi<\/strong><\/td>\n<td>3<\/td>\n<\/tr>\n<tr>\n<td><strong>Standart Civata \u00d6l\u00e7\u00fcs\u00fc<\/strong><\/td>\n<td>&#8211;<\/td>\n<\/tr>\n<tr>\n<td><strong>Uzunluk<\/strong><\/td>\n<td>165 mm<\/td>\n<\/tr>\n<tr>\n<td><strong>A\u011f\u0131rl\u0131k<\/strong><\/td>\n<td>1.40 kg<\/td>\n<\/tr>\n<tr>\n<td><strong>\u00c7al\u0131\u015fma Bas\u0131nc\u0131<\/strong><\/td>\n<td>6.3 bar<\/td>\n<\/tr>\n<tr>\n<td><strong>Minumum Hortum \u00d6l\u00e7\u00fcs\u00fc<\/strong><\/td>\n<td>10 mm<\/td>\n<\/tr>\n<tr>\n<td><strong>Hava T\u00fcketimi<\/strong><\/td>\n<td>190 1 1\/min<\/td>\n<\/tr>\n<\/tbody>\n<\/table>\n<p>&nbsp;<\/p>\n","protected":false},"excerpt":{"rendered":"<p>D10-1\u00a0ANAHTAR MANDIRENL\u0130 SAPPOWER HAVALI EL ALETLER\u0130 HAVALI MATKAP H\u0131zl\u0131 ve g\u00fc\u00e7l\u00fc. Montaj i\u015flerinizdepratik yard\u0131mc\u0131n\u0131z. Saglam ve hafif al\u00fcminyum\u00a0g\u00f6vde, g\u00fcvenli \u00e7al\u0131\u015fmay\u0131 sa\u011flayan ergonomik yap\u0131 Kullan\u0131m Alanlar\u0131 Metal ahsap ve plastik i\u015flerinde &nbsp; \u00dcr\u00fcn Kodu D10-1 G\u00f6vde Materyali AL\u00dcM\u0130N\u0130UM Mandren Kapasitesi 10 mm Mandren Tipi ANAHTARLI KEYD \u00a0Mekanizma STANDART Di\u015fli Tipi 3 Standart Civata \u00d6l\u00e7\u00fcs\u00fc &#8211; Uzunluk 165 mm A\u011f\u0131rl\u0131k 1.40 kg [&hellip;]<\/p>\n","protected":false},"featured_media":13286,"comment_status":"open","ping_status":"closed","template":"","meta":[],"product_brand":[],"product_cat":[15,90,104],"product_tag":[],"class_list":{"0":"post-13283","1":"product","2":"type-product","3":"status-publish","4":"has-post-thumbnail","6":"product_cat-genel","7":"product_cat-havali-aletler","8":"product_cat-matkaplar-havali-aletler","10":"first","11":"instock","12":"shipping-taxable","13":"product-type-simple"},"_links":{"self":[{"href":"http:\/\/basakcilastik.com.tr\/index.php?rest_route=\/wp\/v2\/product\/13283","targetHints":{"allow":["GET"]}}],"collection":[{"href":"http:\/\/basakcilastik.com.tr\/index.php?rest_route=\/wp\/v2\/product"}],"about":[{"href":"http:\/\/basakcilastik.com.tr\/index.php?rest_route=\/wp\/v2\/types\/product"}],"replies":[{"embeddable":true,"href":"http:\/\/basakcilastik.com.tr\/index.php?rest_route=%2Fwp%2Fv2%2Fcomments&post=13283"}],"wp:featuredmedia":[{"embeddable":true,"href":"http:\/\/basakcilastik.com.tr\/index.php?rest_route=\/wp\/v2\/media\/13286"}],"wp:attachment":[{"href":"http:\/\/basakcilastik.com.tr\/index.php?rest_route=%2Fwp%2Fv2%2Fmedia&parent=13283"}],"wp:term":[{"taxonomy":"product_brand","embeddable":true,"href":"http:\/\/basakcilastik.com.tr\/index.php?rest_route=%2Fwp%2Fv2%2Fproduct_brand&post=13283"},{"taxonomy":"product_cat","embeddable":true,"href":"http:\/\/basakcilastik.com.tr\/index.php?rest_route=%2Fwp%2Fv2%2Fproduct_cat&post=13283"},{"taxonomy":"product_tag","embeddable":true,"href":"http:\/\/basakcilastik.com.tr\/index.php?rest_route=%2Fwp%2Fv2%2Fproduct_tag&post=13283"}],"curies":[{"name":"wp","href":"https:\/\/api.w.org\/{rel}","templated":true}]}}