{"id":12765,"date":"2020-07-23T20:55:31","date_gmt":"2020-07-23T20:55:31","guid":{"rendered":"https:\/\/basakcilastik.com.tr\/?post_type=product&#038;p=12765"},"modified":"2020-07-23T20:55:32","modified_gmt":"2020-07-23T20:55:32","slug":"125-mm-havali-taslama-sappower-havali-el-aletleri","status":"publish","type":"product","link":"http:\/\/basakcilastik.com.tr\/?product=125-mm-havali-taslama-sappower-havali-el-aletleri","title":{"rendered":"125 MM HAVALI TA\u015eLAMA SAPPOWER HAVALI EL ALETLER\u0130"},"content":{"rendered":"<table width=\"700\">\n<tbody>\n<tr>\n<td colspan=\"2\"><strong>125 MM HAVALI TA\u015eLAMA\u00a0SAPPOWER HAVALI EL ALETLER\u0130<\/strong><\/td>\n<\/tr>\n<tr>\n<td colspan=\"2\"><strong>G\u00fc\u00e7l\u00fc ve sa\u011flam yo\u011fun ta\u015flama i\u015flerinizde<\/strong><\/p>\n<ul>\n<li>Hafif \u00a0ala\u015f\u0131m\u00a0g\u00f6vde<\/li>\n<li>G\u00fc\u00e7l\u00fc motor y\u00fcksek devir<\/li>\n<\/ul>\n<p><strong>Kullan\u0131m alanlar\u0131:<\/strong><\/p>\n<p>G\u00fc\u00e7 gerektiren \u00a0genel ta\u015flama i\u015flerinde.<\/td>\n<\/tr>\n<tr>\n<td width=\"162\">\u00dcr\u00fcn Kodu<\/td>\n<td width=\"155\">AG-5<\/td>\n<\/tr>\n<tr>\n<td>G\u00f6vde Materyali<\/td>\n<td>ALUM\u0130N\u0130UM<\/td>\n<\/tr>\n<tr>\n<td>Disk Kapasitesi<\/td>\n<td>125 mm<\/td>\n<\/tr>\n<tr>\n<td>Aksesuar \u00a0Ba\u011flant\u0131<\/td>\n<td>14*1.5mm<\/td>\n<\/tr>\n<tr>\n<td>\u00a0Mekanizma<\/td>\n<td>standart<\/td>\n<\/tr>\n<tr>\n<td>Bo\u015fta Devir<\/td>\n<td>10900 rpm<\/td>\n<\/tr>\n<tr>\n<td>G\u00fc\u00e7<\/td>\n<td>0.75<\/td>\n<\/tr>\n<tr>\n<td>Uzunluk<\/td>\n<td>246 mm<\/td>\n<\/tr>\n<tr>\n<td>A\u011f\u0131rl\u0131k<\/td>\n<td>1.40 kg<\/td>\n<\/tr>\n<tr>\n<td>\u00c7al\u0131\u015fma Bas\u0131nc\u0131<\/td>\n<td>6.3 bar<\/td>\n<\/tr>\n<tr>\n<td>Minumum Hortum \u00d6l\u00e7\u00fcs\u00fc<\/td>\n<td>10 mm<\/td>\n<\/tr>\n<tr>\n<td>Hava T\u00fcketimi<\/td>\n<td>133 1\/min<\/td>\n<\/tr>\n<\/tbody>\n<\/table>\n","protected":false},"excerpt":{"rendered":"<p>125 MM HAVALI TA\u015eLAMA\u00a0SAPPOWER HAVALI EL ALETLER\u0130 G\u00fc\u00e7l\u00fc ve sa\u011flam yo\u011fun ta\u015flama i\u015flerinizde Hafif \u00a0ala\u015f\u0131m\u00a0g\u00f6vde G\u00fc\u00e7l\u00fc motor y\u00fcksek devir Kullan\u0131m alanlar\u0131: G\u00fc\u00e7 gerektiren \u00a0genel ta\u015flama i\u015flerinde. \u00dcr\u00fcn Kodu AG-5 G\u00f6vde Materyali ALUM\u0130N\u0130UM Disk Kapasitesi 125 mm Aksesuar \u00a0Ba\u011flant\u0131 14*1.5mm \u00a0Mekanizma standart Bo\u015fta Devir 10900 rpm G\u00fc\u00e7 0.75 Uzunluk 246 mm A\u011f\u0131rl\u0131k 1.40 kg \u00c7al\u0131\u015fma Bas\u0131nc\u0131 6.3 bar Minumum Hortum \u00d6l\u00e7\u00fcs\u00fc [&hellip;]<\/p>\n","protected":false},"featured_media":12768,"comment_status":"open","ping_status":"closed","template":"","meta":[],"product_brand":[],"product_cat":[15,90,100],"product_tag":[],"class_list":{"0":"post-12765","1":"product","2":"type-product","3":"status-publish","4":"has-post-thumbnail","6":"product_cat-genel","7":"product_cat-havali-aletler","8":"product_cat-kalipci-taslamalar-havali-aletler","10":"first","11":"instock","12":"shipping-taxable","13":"product-type-simple"},"_links":{"self":[{"href":"http:\/\/basakcilastik.com.tr\/index.php?rest_route=\/wp\/v2\/product\/12765","targetHints":{"allow":["GET"]}}],"collection":[{"href":"http:\/\/basakcilastik.com.tr\/index.php?rest_route=\/wp\/v2\/product"}],"about":[{"href":"http:\/\/basakcilastik.com.tr\/index.php?rest_route=\/wp\/v2\/types\/product"}],"replies":[{"embeddable":true,"href":"http:\/\/basakcilastik.com.tr\/index.php?rest_route=%2Fwp%2Fv2%2Fcomments&post=12765"}],"wp:featuredmedia":[{"embeddable":true,"href":"http:\/\/basakcilastik.com.tr\/index.php?rest_route=\/wp\/v2\/media\/12768"}],"wp:attachment":[{"href":"http:\/\/basakcilastik.com.tr\/index.php?rest_route=%2Fwp%2Fv2%2Fmedia&parent=12765"}],"wp:term":[{"taxonomy":"product_brand","embeddable":true,"href":"http:\/\/basakcilastik.com.tr\/index.php?rest_route=%2Fwp%2Fv2%2Fproduct_brand&post=12765"},{"taxonomy":"product_cat","embeddable":true,"href":"http:\/\/basakcilastik.com.tr\/index.php?rest_route=%2Fwp%2Fv2%2Fproduct_cat&post=12765"},{"taxonomy":"product_tag","embeddable":true,"href":"http:\/\/basakcilastik.com.tr\/index.php?rest_route=%2Fwp%2Fv2%2Fproduct_tag&post=12765"}],"curies":[{"name":"wp","href":"https:\/\/api.w.org\/{rel}","templated":true}]}}