{"id":12666,"date":"2020-07-23T19:38:17","date_gmt":"2020-07-23T19:38:17","guid":{"rendered":"https:\/\/basakcilastik.com.tr\/?post_type=product&#038;p=12666"},"modified":"2020-07-23T19:38:18","modified_gmt":"2020-07-23T19:38:18","slug":"kpt-f4-cekic-keski-igneli-keski","status":"publish","type":"product","link":"http:\/\/basakcilastik.com.tr\/?product=kpt-f4-cekic-keski-igneli-keski","title":{"rendered":"KPT-F4 \u00c7EK\u0130\u00c7 &#8211; KESK\u0130 &#8211; \u0130\u011eNEL\u0130 KESK\u0130"},"content":{"rendered":"<p>KPT-F4 \u00c7EK\u0130\u00c7 &#8211; KESK\u0130 &#8211; \u0130\u011eNEL\u0130 KESK\u0130<\/p>\n","protected":false},"excerpt":{"rendered":"<p>KPT-F4 \u00c7EK\u0130\u00c7 &#8211; KESK\u0130 &#8211; \u0130\u011eNEL\u0130 KESK\u0130<\/p>\n","protected":false},"featured_media":12671,"comment_status":"open","ping_status":"closed","template":"","meta":[],"product_brand":[],"product_cat":[15,90,99],"product_tag":[],"class_list":{"0":"post-12666","1":"product","2":"type-product","3":"status-publish","4":"has-post-thumbnail","6":"product_cat-genel","7":"product_cat-havali-aletler","8":"product_cat-kalafat-cekicleri-raspalar","10":"first","11":"instock","12":"shipping-taxable","13":"product-type-simple"},"_links":{"self":[{"href":"http:\/\/basakcilastik.com.tr\/index.php?rest_route=\/wp\/v2\/product\/12666","targetHints":{"allow":["GET"]}}],"collection":[{"href":"http:\/\/basakcilastik.com.tr\/index.php?rest_route=\/wp\/v2\/product"}],"about":[{"href":"http:\/\/basakcilastik.com.tr\/index.php?rest_route=\/wp\/v2\/types\/product"}],"replies":[{"embeddable":true,"href":"http:\/\/basakcilastik.com.tr\/index.php?rest_route=%2Fwp%2Fv2%2Fcomments&post=12666"}],"wp:featuredmedia":[{"embeddable":true,"href":"http:\/\/basakcilastik.com.tr\/index.php?rest_route=\/wp\/v2\/media\/12671"}],"wp:attachment":[{"href":"http:\/\/basakcilastik.com.tr\/index.php?rest_route=%2Fwp%2Fv2%2Fmedia&parent=12666"}],"wp:term":[{"taxonomy":"product_brand","embeddable":true,"href":"http:\/\/basakcilastik.com.tr\/index.php?rest_route=%2Fwp%2Fv2%2Fproduct_brand&post=12666"},{"taxonomy":"product_cat","embeddable":true,"href":"http:\/\/basakcilastik.com.tr\/index.php?rest_route=%2Fwp%2Fv2%2Fproduct_cat&post=12666"},{"taxonomy":"product_tag","embeddable":true,"href":"http:\/\/basakcilastik.com.tr\/index.php?rest_route=%2Fwp%2Fv2%2Fproduct_tag&post=12666"}],"curies":[{"name":"wp","href":"https:\/\/api.w.org\/{rel}","templated":true}]}}