{"id":12457,"date":"2020-07-23T16:09:19","date_gmt":"2020-07-23T16:09:19","guid":{"rendered":"https:\/\/basakcilastik.com.tr\/?post_type=product&#038;p=12457"},"modified":"2020-07-23T16:09:20","modified_gmt":"2020-07-23T16:09:20","slug":"3-8-havali-lokuma-3","status":"publish","type":"product","link":"http:\/\/basakcilastik.com.tr\/?product=3-8-havali-lokuma-3","title":{"rendered":"3-8 HAVALI LOKUMA 3"},"content":{"rendered":"<table width=\"300\">\n<tbody>\n<tr>\n<td>\u00a0<strong>GAV Kod<\/strong><\/td>\n<td>\u00a0<strong>\u00d6l\u00e7\u00fc(Inch)<\/strong><\/td>\n<td>\u00a0<strong>A\u00e7\u0131klama<\/strong><\/td>\n<td>\u00a0<strong>D<\/strong><\/td>\n<td>\u00a0<strong>L<\/strong><\/td>\n<\/tr>\n<tr>\n<td>\u00a08043075MPP<\/td>\n<td>\u00a03&#8243;<\/td>\n<td>3\/8&#8243; Haval\u0131 Uzatma<\/td>\n<td>\u00a019<\/td>\n<td>\u00a075<\/td>\n<\/tr>\n<tr>\n<td>\u00a08043125MPB<\/td>\n<td>\u00a05&#8243;<\/td>\n<td>3\/8&#8243; Haval\u0131 Uzatma<\/td>\n<td>\u00a019<\/td>\n<td>\u00a0125<\/td>\n<\/tr>\n<\/tbody>\n<\/table>\n","protected":false},"excerpt":{"rendered":"<p>\u00a0GAV Kod \u00a0\u00d6l\u00e7\u00fc(Inch) \u00a0A\u00e7\u0131klama \u00a0D \u00a0L \u00a08043075MPP \u00a03&#8243; 3\/8&#8243; Haval\u0131 Uzatma \u00a019 \u00a075 \u00a08043125MPB \u00a05&#8243; 3\/8&#8243; Haval\u0131 Uzatma \u00a019 \u00a0125<\/p>\n","protected":false},"featured_media":12460,"comment_status":"open","ping_status":"closed","template":"","meta":[],"product_brand":[],"product_cat":[15,90,97],"product_tag":[],"class_list":{"0":"post-12457","1":"product","2":"type-product","3":"status-publish","4":"has-post-thumbnail","6":"product_cat-genel","7":"product_cat-havali-aletler","8":"product_cat-havali-lokmalar","10":"first","11":"instock","12":"shipping-taxable","13":"product-type-simple"},"_links":{"self":[{"href":"http:\/\/basakcilastik.com.tr\/index.php?rest_route=\/wp\/v2\/product\/12457","targetHints":{"allow":["GET"]}}],"collection":[{"href":"http:\/\/basakcilastik.com.tr\/index.php?rest_route=\/wp\/v2\/product"}],"about":[{"href":"http:\/\/basakcilastik.com.tr\/index.php?rest_route=\/wp\/v2\/types\/product"}],"replies":[{"embeddable":true,"href":"http:\/\/basakcilastik.com.tr\/index.php?rest_route=%2Fwp%2Fv2%2Fcomments&post=12457"}],"wp:featuredmedia":[{"embeddable":true,"href":"http:\/\/basakcilastik.com.tr\/index.php?rest_route=\/wp\/v2\/media\/12460"}],"wp:attachment":[{"href":"http:\/\/basakcilastik.com.tr\/index.php?rest_route=%2Fwp%2Fv2%2Fmedia&parent=12457"}],"wp:term":[{"taxonomy":"product_brand","embeddable":true,"href":"http:\/\/basakcilastik.com.tr\/index.php?rest_route=%2Fwp%2Fv2%2Fproduct_brand&post=12457"},{"taxonomy":"product_cat","embeddable":true,"href":"http:\/\/basakcilastik.com.tr\/index.php?rest_route=%2Fwp%2Fv2%2Fproduct_cat&post=12457"},{"taxonomy":"product_tag","embeddable":true,"href":"http:\/\/basakcilastik.com.tr\/index.php?rest_route=%2Fwp%2Fv2%2Fproduct_tag&post=12457"}],"curies":[{"name":"wp","href":"https:\/\/api.w.org\/{rel}","templated":true}]}}