{"id":12425,"date":"2020-07-23T15:49:20","date_gmt":"2020-07-23T15:49:20","guid":{"rendered":"https:\/\/basakcilastik.com.tr\/?post_type=product&#038;p=12425"},"modified":"2020-07-23T15:49:20","modified_gmt":"2020-07-23T15:49:20","slug":"1-2-havali-lokma","status":"publish","type":"product","link":"http:\/\/basakcilastik.com.tr\/?product=1-2-havali-lokma","title":{"rendered":"1-2 HAVALI LOKMA"},"content":{"rendered":"<table width=\"408\">\n<tbody>\n<tr>\n<td><strong>GAV Kod<\/strong><\/td>\n<td>\u00a0\u00a0<strong>\u00d6l\u00e7\u00fc<\/strong><\/td>\n<td>\u00a0 \u00a0<strong>A\u00e7\u0131klama<\/strong><\/td>\n<td>\u00a0<strong>d1<\/strong><\/td>\n<td>\u00a0<strong>d2<\/strong><\/td>\n<td>\u00a0<strong>L\u00a0<\/strong><\/td>\n<\/tr>\n<tr>\n<td>44508<\/td>\n<td>\u00a08<\/td>\n<td>\u00a01\/2\u201d Haval\u0131 Lokma<\/td>\n<td>\u00a015<\/td>\n<td>\u00a024<\/td>\n<td>\u00a038<\/td>\n<\/tr>\n<tr>\n<td>44509<\/td>\n<td>\u00a09<\/td>\n<td>\u00a01\/2\u201d Haval\u0131 Lokma<\/td>\n<td>\u00a016<\/td>\n<td>\u00a024<\/td>\n<td>\u00a038<\/td>\n<\/tr>\n<tr>\n<td>44510<\/td>\n<td>\u00a010<\/td>\n<td>1\/2\u201d Haval\u0131 Lokma<\/td>\n<td>\u00a017,5<\/td>\n<td>\u00a024<\/td>\n<td>\u00a038<\/td>\n<\/tr>\n<tr>\n<td>44511<\/td>\n<td>\u00a011<\/td>\n<td>1\/2\u201d Haval\u0131 Lokma<\/td>\n<td>\u00a018,5<\/td>\n<td>\u00a024<\/td>\n<td>\u00a038<\/td>\n<\/tr>\n<tr>\n<td>44512<\/td>\n<td>\u00a012<\/td>\n<td>1\/2\u201d Haval\u0131 Lokma<\/td>\n<td>\u00a019,5<\/td>\n<td>\u00a024<\/td>\n<td>\u00a038<\/td>\n<\/tr>\n<tr>\n<td>44513<\/td>\n<td>\u00a013<\/td>\n<td>1\/2\u201d Haval\u0131 Lokma<\/td>\n<td>\u00a020,5<\/td>\n<td>\u00a024<\/td>\n<td>\u00a038<\/td>\n<\/tr>\n<tr>\n<td>44514<\/td>\n<td>\u00a014<\/td>\n<td>1\/2\u201d Haval\u0131 Lokma<\/td>\n<td>\u00a022<\/td>\n<td>24<\/td>\n<td>\u00a038<\/td>\n<\/tr>\n<tr>\n<td>44515<\/td>\n<td>\u00a015<\/td>\n<td>1\/2\u201d Haval\u0131 Lokma<\/td>\n<td>\u00a024<\/td>\n<td>\u00a024<\/td>\n<td>\u00a038<\/td>\n<\/tr>\n<tr>\n<td>44516<\/td>\n<td>\u00a016<\/td>\n<td>1\/2\u201d Haval\u0131 Lokma<\/td>\n<td>\u00a024<\/td>\n<td>\u00a024<\/td>\n<td>\u00a038<\/td>\n<\/tr>\n<tr>\n<td>44517<\/td>\n<td>\u00a017<\/td>\n<td>1\/2\u201d Haval\u0131 Lokma<\/td>\n<td>\u00a026<\/td>\n<td>\u00a026<\/td>\n<td>\u00a038<\/td>\n<\/tr>\n<tr>\n<td>44518<\/td>\n<td>\u00a018<\/td>\n<td>1\/2\u201d Haval\u0131 Lokma<\/td>\n<td>\u00a028<\/td>\n<td>\u00a026<\/td>\n<td>\u00a038<\/td>\n<\/tr>\n<tr>\n<td>44519<\/td>\n<td>\u00a019<\/td>\n<td>1\/2\u201d Haval\u0131 Lokma<\/td>\n<td>28<\/td>\n<td>\u00a028<\/td>\n<td>\u00a030<\/td>\n<\/tr>\n<tr>\n<td>44520<\/td>\n<td>\u00a020<\/td>\n<td>1\/2\u201d Haval\u0131 Lokma<\/td>\n<td>30<\/td>\n<td>\u00a030<\/td>\n<td>\u00a038<\/td>\n<\/tr>\n<tr>\n<td>\u00a044521<\/td>\n<td>\u00a021<\/td>\n<td>1\/2\u201d Haval\u0131 Lokma<\/td>\n<td>\u00a030<\/td>\n<td>30<\/td>\n<td>\u00a038<\/td>\n<\/tr>\n<tr>\n<td>44522<\/td>\n<td>\u00a022<\/td>\n<td>1\/2\u201d Haval\u0131 Lokma<\/td>\n<td>\u00a032<\/td>\n<td>\u00a030<\/td>\n<td>\u00a038<\/td>\n<\/tr>\n<tr>\n<td>44523<\/td>\n<td>\u00a023<\/td>\n<td>1\/2\u201d Haval\u0131 Lokma<\/td>\n<td>\u00a034<\/td>\n<td>30<\/td>\n<td>38<\/td>\n<\/tr>\n<tr>\n<td>\u00a044524<\/td>\n<td>\u00a024<\/td>\n<td>1\/2\u201d Haval\u0131 Lokma<\/td>\n<td>\u00a034<\/td>\n<td>\u00a030<\/td>\n<td>38<\/td>\n<\/tr>\n<tr>\n<td>44525<\/td>\n<td>\u00a025<\/td>\n<td>1\/2\u201d Haval\u0131 Lokma<\/td>\n<td>\u00a036<\/td>\n<td>\u00a030<\/td>\n<td>38<\/td>\n<\/tr>\n<tr>\n<td>44526<\/td>\n<td>\u00a026<\/td>\n<td>1\/2\u201d Haval\u0131 Lokma<\/td>\n<td>\u00a036<\/td>\n<td>\u00a030<\/td>\n<td>38<\/td>\n<\/tr>\n<tr>\n<td>44527<\/td>\n<td>\u00a027<\/td>\n<td>1\/2\u201d Haval\u0131 Lokma<\/td>\n<td>\u00a038<\/td>\n<td>\u00a030<\/td>\n<td>42<\/td>\n<\/tr>\n<tr>\n<td>44528<\/td>\n<td>\u00a028<\/td>\n<td>1\/2\u201d Haval\u0131 Lokma<\/td>\n<td>\u00a0 40<\/td>\n<td>\u00a030<\/td>\n<td>42<\/td>\n<\/tr>\n<tr>\n<td>44529<\/td>\n<td>\u00a029<\/td>\n<td>1\/2\u201d Haval\u0131 Lokma<\/td>\n<td>\u00a042<\/td>\n<td>\u00a030<\/td>\n<td>42<\/td>\n<\/tr>\n<tr>\n<td>44530<\/td>\n<td>\u00a030<\/td>\n<td>1\/2\u201d Haval\u0131 Lokma<\/td>\n<td>\u00a042<\/td>\n<td>\u00a030<\/td>\n<td>42<\/td>\n<\/tr>\n<tr>\n<td>44532<\/td>\n<td>\u00a032<\/td>\n<td>1\/2\u201d Haval\u0131 Lokma<\/td>\n<td>\u00a044<\/td>\n<td>\u00a030<\/td>\n<td>40<\/td>\n<\/tr>\n<\/tbody>\n<\/table>\n<p>&nbsp;<\/p>\n","protected":false},"excerpt":{"rendered":"<p>GAV Kod \u00a0\u00a0\u00d6l\u00e7\u00fc \u00a0 \u00a0A\u00e7\u0131klama \u00a0d1 \u00a0d2 \u00a0L\u00a0 44508 \u00a08 \u00a01\/2\u201d Haval\u0131 Lokma \u00a015 \u00a024 \u00a038 44509 \u00a09 \u00a01\/2\u201d Haval\u0131 Lokma \u00a016 \u00a024 \u00a038 44510 \u00a010 1\/2\u201d Haval\u0131 Lokma \u00a017,5 \u00a024 \u00a038 44511 \u00a011 1\/2\u201d Haval\u0131 Lokma \u00a018,5 \u00a024 \u00a038 44512 \u00a012 1\/2\u201d Haval\u0131 Lokma \u00a019,5 \u00a024 \u00a038 44513 \u00a013 1\/2\u201d Haval\u0131 Lokma \u00a020,5 \u00a024 \u00a038 44514 \u00a014 1\/2\u201d Haval\u0131 [&hellip;]<\/p>\n","protected":false},"featured_media":12428,"comment_status":"open","ping_status":"closed","template":"","meta":[],"product_brand":[],"product_cat":[15,90,97],"product_tag":[],"class_list":{"0":"post-12425","1":"product","2":"type-product","3":"status-publish","4":"has-post-thumbnail","6":"product_cat-genel","7":"product_cat-havali-aletler","8":"product_cat-havali-lokmalar","10":"first","11":"instock","12":"shipping-taxable","13":"product-type-simple"},"_links":{"self":[{"href":"http:\/\/basakcilastik.com.tr\/index.php?rest_route=\/wp\/v2\/product\/12425","targetHints":{"allow":["GET"]}}],"collection":[{"href":"http:\/\/basakcilastik.com.tr\/index.php?rest_route=\/wp\/v2\/product"}],"about":[{"href":"http:\/\/basakcilastik.com.tr\/index.php?rest_route=\/wp\/v2\/types\/product"}],"replies":[{"embeddable":true,"href":"http:\/\/basakcilastik.com.tr\/index.php?rest_route=%2Fwp%2Fv2%2Fcomments&post=12425"}],"wp:featuredmedia":[{"embeddable":true,"href":"http:\/\/basakcilastik.com.tr\/index.php?rest_route=\/wp\/v2\/media\/12428"}],"wp:attachment":[{"href":"http:\/\/basakcilastik.com.tr\/index.php?rest_route=%2Fwp%2Fv2%2Fmedia&parent=12425"}],"wp:term":[{"taxonomy":"product_brand","embeddable":true,"href":"http:\/\/basakcilastik.com.tr\/index.php?rest_route=%2Fwp%2Fv2%2Fproduct_brand&post=12425"},{"taxonomy":"product_cat","embeddable":true,"href":"http:\/\/basakcilastik.com.tr\/index.php?rest_route=%2Fwp%2Fv2%2Fproduct_cat&post=12425"},{"taxonomy":"product_tag","embeddable":true,"href":"http:\/\/basakcilastik.com.tr\/index.php?rest_route=%2Fwp%2Fv2%2Fproduct_tag&post=12425"}],"curies":[{"name":"wp","href":"https:\/\/api.w.org\/{rel}","templated":true}]}}