{"id":11960,"date":"2020-07-22T23:22:55","date_gmt":"2020-07-22T23:22:55","guid":{"rendered":"https:\/\/basakcilastik.com.tr\/?post_type=product&#038;p=11960"},"modified":"2020-07-22T23:22:56","modified_gmt":"2020-07-22T23:22:56","slug":"smh-810-makarali-hava-hortumu","status":"publish","type":"product","link":"http:\/\/basakcilastik.com.tr\/?product=smh-810-makarali-hava-hortumu","title":{"rendered":"SMH-810 MAKARALI HAVA HORTUMU"},"content":{"rendered":"<table width=\"700\">\n<tbody>\n<tr>\n<td colspan=\"2\"><strong>SMH-810 MAKARALI HAVA HORTUMU<\/strong><\/td>\n<\/tr>\n<tr>\n<td colspan=\"2\">&nbsp;<\/p>\n<p><strong>10\u00a0mt hava hortumu makaral\u0131<\/strong><\/p>\n<p><strong>Kullan\u0131m alanlar\u0131:<\/strong><\/p>\n<p>Hortum uzatma istenilen her yerde.<\/td>\n<\/tr>\n<tr>\n<td width=\"162\">\u00dcr\u00fcn Kodu<\/td>\n<td width=\"155\">SMH-810<\/td>\n<\/tr>\n<tr>\n<td>\u0130\u00e7 \u00e7ap<\/td>\n<td>8 mm<\/td>\n<\/tr>\n<tr>\n<td>D\u0131\u015f \u00e7ap<\/td>\n<td>12 mm<\/td>\n<\/tr>\n<tr>\n<td>Metraj<\/td>\n<td>10 mt<\/td>\n<\/tr>\n<\/tbody>\n<\/table>\n","protected":false},"excerpt":{"rendered":"<p>SMH-810 MAKARALI HAVA HORTUMU &nbsp; 10\u00a0mt hava hortumu makaral\u0131 Kullan\u0131m alanlar\u0131: Hortum uzatma istenilen her yerde. \u00dcr\u00fcn Kodu SMH-810 \u0130\u00e7 \u00e7ap 8 mm D\u0131\u015f \u00e7ap 12 mm Metraj 10 mt<\/p>\n","protected":false},"featured_media":11963,"comment_status":"open","ping_status":"closed","template":"","meta":[],"product_brand":[],"product_cat":[15,95,90],"product_tag":[],"class_list":{"0":"post-11960","1":"product","2":"type-product","3":"status-publish","4":"has-post-thumbnail","6":"product_cat-genel","7":"product_cat-hava-ve-su-hortumlari","8":"product_cat-havali-aletler","10":"first","11":"instock","12":"shipping-taxable","13":"product-type-simple"},"_links":{"self":[{"href":"http:\/\/basakcilastik.com.tr\/index.php?rest_route=\/wp\/v2\/product\/11960","targetHints":{"allow":["GET"]}}],"collection":[{"href":"http:\/\/basakcilastik.com.tr\/index.php?rest_route=\/wp\/v2\/product"}],"about":[{"href":"http:\/\/basakcilastik.com.tr\/index.php?rest_route=\/wp\/v2\/types\/product"}],"replies":[{"embeddable":true,"href":"http:\/\/basakcilastik.com.tr\/index.php?rest_route=%2Fwp%2Fv2%2Fcomments&post=11960"}],"wp:featuredmedia":[{"embeddable":true,"href":"http:\/\/basakcilastik.com.tr\/index.php?rest_route=\/wp\/v2\/media\/11963"}],"wp:attachment":[{"href":"http:\/\/basakcilastik.com.tr\/index.php?rest_route=%2Fwp%2Fv2%2Fmedia&parent=11960"}],"wp:term":[{"taxonomy":"product_brand","embeddable":true,"href":"http:\/\/basakcilastik.com.tr\/index.php?rest_route=%2Fwp%2Fv2%2Fproduct_brand&post=11960"},{"taxonomy":"product_cat","embeddable":true,"href":"http:\/\/basakcilastik.com.tr\/index.php?rest_route=%2Fwp%2Fv2%2Fproduct_cat&post=11960"},{"taxonomy":"product_tag","embeddable":true,"href":"http:\/\/basakcilastik.com.tr\/index.php?rest_route=%2Fwp%2Fv2%2Fproduct_tag&post=11960"}],"curies":[{"name":"wp","href":"https:\/\/api.w.org\/{rel}","templated":true}]}}