{"id":11782,"date":"2020-07-22T22:30:01","date_gmt":"2020-07-22T22:30:01","guid":{"rendered":"https:\/\/basakcilastik.com.tr\/?post_type=product&#038;p=11782"},"modified":"2020-07-22T22:30:02","modified_gmt":"2020-07-22T22:30:02","slug":"gg-2-havali-gres-tabancasi","status":"publish","type":"product","link":"http:\/\/basakcilastik.com.tr\/?product=gg-2-havali-gres-tabancasi","title":{"rendered":"GG-2 HAVALI GRES TABANCASI"},"content":{"rendered":"<table width=\"700\">\n<tbody>\n<tr>\n<td colspan=\"2\"><strong>GG-2 HAVALI GRES TABANCASI<\/strong><\/td>\n<\/tr>\n<tr>\n<td colspan=\"2\">&nbsp;<\/p>\n<p><strong>Kompakt dizayn ile kolay kullan\u0131m.<\/strong><\/p>\n<ul>\n<li>Hafif ve ergonomik g\u00f6vde<\/li>\n<li>Kolay kullan\u0131m<\/li>\n<li>Kesintisiz \u00e7al\u0131\u015fma<\/li>\n<\/ul>\n<p><strong>Kullan\u0131m alanlar\u0131:<\/strong><\/p>\n<p>Otomobil tamir ve ak\u0131m servislerinde gres ya\u011flama i\u015flerinde.<\/td>\n<\/tr>\n<tr>\n<td width=\"162\">\u00dcr\u00fcn Kodu<\/td>\n<td width=\"155\">GG-2<\/td>\n<\/tr>\n<tr>\n<td>G\u00f6vde Materyali<\/td>\n<td>ALUM\u0130N\u0130UM<\/td>\n<\/tr>\n<tr>\n<td>Hareket Uzunlu\u011fu<\/td>\n<td>&#8211;<\/td>\n<\/tr>\n<tr>\n<td>Gres Kapasitesi<\/td>\n<td>400 cc<\/td>\n<\/tr>\n<tr>\n<td>\u00a0Mekanizma<\/td>\n<td>standart<\/td>\n<\/tr>\n<tr>\n<td>A\u011f\u0131rl\u0131k<\/td>\n<td>1.60 kg<\/td>\n<\/tr>\n<tr>\n<td>Vibrasyon<\/td>\n<td>&#8211;<\/td>\n<\/tr>\n<tr>\n<td>Uzunluk<\/td>\n<td>&#8211;<\/td>\n<\/tr>\n<tr>\n<td>Hava T\u00fcketimi<\/td>\n<td>65 1\/min<\/td>\n<\/tr>\n<tr>\n<td>\u00c7al\u0131\u015fma Bas\u0131nc\u0131<\/td>\n<td>6.3 bar<\/td>\n<\/tr>\n<tr>\n<td>Minumum Hortum \u00d6l\u00e7\u00fcs\u00fc<\/td>\n<td>10 mm<\/td>\n<\/tr>\n<\/tbody>\n<\/table>\n","protected":false},"excerpt":{"rendered":"<p>GG-2 HAVALI GRES TABANCASI &nbsp; Kompakt dizayn ile kolay kullan\u0131m. Hafif ve ergonomik g\u00f6vde Kolay kullan\u0131m Kesintisiz \u00e7al\u0131\u015fma Kullan\u0131m alanlar\u0131: Otomobil tamir ve ak\u0131m servislerinde gres ya\u011flama i\u015flerinde. \u00dcr\u00fcn Kodu GG-2 G\u00f6vde Materyali ALUM\u0130N\u0130UM Hareket Uzunlu\u011fu &#8211; Gres Kapasitesi 400 cc \u00a0Mekanizma standart A\u011f\u0131rl\u0131k 1.60 kg Vibrasyon &#8211; Uzunluk &#8211; Hava T\u00fcketimi 65 1\/min \u00c7al\u0131\u015fma Bas\u0131nc\u0131 6.3 bar Minumum Hortum [&hellip;]<\/p>\n","protected":false},"featured_media":11783,"comment_status":"open","ping_status":"closed","template":"","meta":[],"product_brand":[],"product_cat":[15,94,90],"product_tag":[],"class_list":{"0":"post-11782","1":"product","2":"type-product","3":"status-publish","4":"has-post-thumbnail","6":"product_cat-genel","7":"product_cat-gres-ve-yag-tabancalari","8":"product_cat-havali-aletler","10":"first","11":"instock","12":"shipping-taxable","13":"product-type-simple"},"_links":{"self":[{"href":"http:\/\/basakcilastik.com.tr\/index.php?rest_route=\/wp\/v2\/product\/11782","targetHints":{"allow":["GET"]}}],"collection":[{"href":"http:\/\/basakcilastik.com.tr\/index.php?rest_route=\/wp\/v2\/product"}],"about":[{"href":"http:\/\/basakcilastik.com.tr\/index.php?rest_route=\/wp\/v2\/types\/product"}],"replies":[{"embeddable":true,"href":"http:\/\/basakcilastik.com.tr\/index.php?rest_route=%2Fwp%2Fv2%2Fcomments&post=11782"}],"wp:featuredmedia":[{"embeddable":true,"href":"http:\/\/basakcilastik.com.tr\/index.php?rest_route=\/wp\/v2\/media\/11783"}],"wp:attachment":[{"href":"http:\/\/basakcilastik.com.tr\/index.php?rest_route=%2Fwp%2Fv2%2Fmedia&parent=11782"}],"wp:term":[{"taxonomy":"product_brand","embeddable":true,"href":"http:\/\/basakcilastik.com.tr\/index.php?rest_route=%2Fwp%2Fv2%2Fproduct_brand&post=11782"},{"taxonomy":"product_cat","embeddable":true,"href":"http:\/\/basakcilastik.com.tr\/index.php?rest_route=%2Fwp%2Fv2%2Fproduct_cat&post=11782"},{"taxonomy":"product_tag","embeddable":true,"href":"http:\/\/basakcilastik.com.tr\/index.php?rest_route=%2Fwp%2Fv2%2Fproduct_tag&post=11782"}],"curies":[{"name":"wp","href":"https:\/\/api.w.org\/{rel}","templated":true}]}}