{"id":11737,"date":"2020-07-22T22:07:43","date_gmt":"2020-07-22T22:07:43","guid":{"rendered":"https:\/\/basakcilastik.com.tr\/?post_type=product&#038;p=11737"},"modified":"2020-07-22T22:07:43","modified_gmt":"2020-07-22T22:07:43","slug":"opt-315-ege-motoru","status":"publish","type":"product","link":"http:\/\/basakcilastik.com.tr\/?product=opt-315-ege-motoru","title":{"rendered":"OPT 315 E\u011eE MOTORU"},"content":{"rendered":"<p>OPT 315 E\u011eE MOTORU<\/p>\n<p><strong>Uzunluk: 165 mm<\/strong><br \/>\n<strong>Stroke: 9.0 mm<\/strong><br \/>\n<strong>Stroke Say\u0131s\u0131: 3.700 spm<\/strong><br \/>\n<strong>Hava T\u00fcketimi: 170 lt\/dk<\/strong><br \/>\n<strong>Hava Giri\u015f Nipeli: 1\/4&#8243;<\/strong><br \/>\n<strong>Hortum \u00c7ap\u0131: 9.50 mm<\/strong><br \/>\n<strong>\u00c7al\u0131\u015fma Bas\u0131nc\u0131: 90 psi (6.2 at\u00fc)<\/strong><br \/>\n<strong>A\u011f\u0131rl\u0131k: 1.51 kg<\/strong><\/p>\n","protected":false},"excerpt":{"rendered":"<p>OPT 315 E\u011eE MOTORU Uzunluk: 165 mm Stroke: 9.0 mm Stroke Say\u0131s\u0131: 3.700 spm Hava T\u00fcketimi: 170 lt\/dk Hava Giri\u015f Nipeli: 1\/4&#8243; Hortum \u00c7ap\u0131: 9.50 mm \u00c7al\u0131\u015fma Bas\u0131nc\u0131: 90 psi (6.2 at\u00fc) A\u011f\u0131rl\u0131k: 1.51 kg<\/p>\n","protected":false},"featured_media":11739,"comment_status":"open","ping_status":"closed","template":"","meta":[],"product_brand":[],"product_cat":[15,93,90],"product_tag":[],"class_list":{"0":"post-11737","1":"product","2":"type-product","3":"status-publish","4":"has-post-thumbnail","6":"product_cat-genel","7":"product_cat-ege-motorlari","8":"product_cat-havali-aletler","10":"first","11":"instock","12":"shipping-taxable","13":"product-type-simple"},"_links":{"self":[{"href":"http:\/\/basakcilastik.com.tr\/index.php?rest_route=\/wp\/v2\/product\/11737","targetHints":{"allow":["GET"]}}],"collection":[{"href":"http:\/\/basakcilastik.com.tr\/index.php?rest_route=\/wp\/v2\/product"}],"about":[{"href":"http:\/\/basakcilastik.com.tr\/index.php?rest_route=\/wp\/v2\/types\/product"}],"replies":[{"embeddable":true,"href":"http:\/\/basakcilastik.com.tr\/index.php?rest_route=%2Fwp%2Fv2%2Fcomments&post=11737"}],"wp:featuredmedia":[{"embeddable":true,"href":"http:\/\/basakcilastik.com.tr\/index.php?rest_route=\/wp\/v2\/media\/11739"}],"wp:attachment":[{"href":"http:\/\/basakcilastik.com.tr\/index.php?rest_route=%2Fwp%2Fv2%2Fmedia&parent=11737"}],"wp:term":[{"taxonomy":"product_brand","embeddable":true,"href":"http:\/\/basakcilastik.com.tr\/index.php?rest_route=%2Fwp%2Fv2%2Fproduct_brand&post=11737"},{"taxonomy":"product_cat","embeddable":true,"href":"http:\/\/basakcilastik.com.tr\/index.php?rest_route=%2Fwp%2Fv2%2Fproduct_cat&post=11737"},{"taxonomy":"product_tag","embeddable":true,"href":"http:\/\/basakcilastik.com.tr\/index.php?rest_route=%2Fwp%2Fv2%2Fproduct_tag&post=11737"}],"curies":[{"name":"wp","href":"https:\/\/api.w.org\/{rel}","templated":true}]}}