{"id":11596,"date":"2020-07-22T21:14:13","date_gmt":"2020-07-22T21:14:13","guid":{"rendered":"https:\/\/basakcilastik.com.tr\/?post_type=product&#038;p=11596"},"modified":"2020-07-22T21:14:14","modified_gmt":"2020-07-22T21:14:14","slug":"osa-tw2030-dijital-tork-kolu-14","status":"publish","type":"product","link":"http:\/\/basakcilastik.com.tr\/?product=osa-tw2030-dijital-tork-kolu-14","title":{"rendered":"OSA-TW2030 D\u0130J\u0130TAL TORK KOLU 14"},"content":{"rendered":"<p>OSA-TW2030 D\u0130J\u0130TAL TORK KOLU 1\/4&#8243;<\/p>\n<p><strong>1\/4\u2019\u2019 3-20 Nm dijital tork kolu<\/strong><br \/>\n<strong>Uzunluk 223 mm<\/strong><\/p>\n","protected":false},"excerpt":{"rendered":"<p>OSA-TW2030 D\u0130J\u0130TAL TORK KOLU 1\/4&#8243; 1\/4\u2019\u2019 3-20 Nm dijital tork kolu Uzunluk 223 mm<\/p>\n","protected":false},"featured_media":11599,"comment_status":"open","ping_status":"closed","template":"","meta":[],"product_brand":[],"product_cat":[15,92,90],"product_tag":[],"class_list":{"0":"post-11596","1":"product","2":"type-product","3":"status-publish","4":"has-post-thumbnail","6":"product_cat-genel","7":"product_cat-circir-motorlari","8":"product_cat-havali-aletler","10":"first","11":"instock","12":"shipping-taxable","13":"product-type-simple"},"_links":{"self":[{"href":"http:\/\/basakcilastik.com.tr\/index.php?rest_route=\/wp\/v2\/product\/11596","targetHints":{"allow":["GET"]}}],"collection":[{"href":"http:\/\/basakcilastik.com.tr\/index.php?rest_route=\/wp\/v2\/product"}],"about":[{"href":"http:\/\/basakcilastik.com.tr\/index.php?rest_route=\/wp\/v2\/types\/product"}],"replies":[{"embeddable":true,"href":"http:\/\/basakcilastik.com.tr\/index.php?rest_route=%2Fwp%2Fv2%2Fcomments&post=11596"}],"wp:featuredmedia":[{"embeddable":true,"href":"http:\/\/basakcilastik.com.tr\/index.php?rest_route=\/wp\/v2\/media\/11599"}],"wp:attachment":[{"href":"http:\/\/basakcilastik.com.tr\/index.php?rest_route=%2Fwp%2Fv2%2Fmedia&parent=11596"}],"wp:term":[{"taxonomy":"product_brand","embeddable":true,"href":"http:\/\/basakcilastik.com.tr\/index.php?rest_route=%2Fwp%2Fv2%2Fproduct_brand&post=11596"},{"taxonomy":"product_cat","embeddable":true,"href":"http:\/\/basakcilastik.com.tr\/index.php?rest_route=%2Fwp%2Fv2%2Fproduct_cat&post=11596"},{"taxonomy":"product_tag","embeddable":true,"href":"http:\/\/basakcilastik.com.tr\/index.php?rest_route=%2Fwp%2Fv2%2Fproduct_tag&post=11596"}],"curies":[{"name":"wp","href":"https:\/\/api.w.org\/{rel}","templated":true}]}}