{"id":11485,"date":"2020-07-22T20:41:26","date_gmt":"2020-07-22T20:41:26","guid":{"rendered":"https:\/\/basakcilastik.com.tr\/?post_type=product&#038;p=11485"},"modified":"2020-07-22T20:41:27","modified_gmt":"2020-07-22T20:41:27","slug":"frw-6nx-3a-frw-6nx-4a-disi-circir","status":"publish","type":"product","link":"http:\/\/basakcilastik.com.tr\/?product=frw-6nx-3a-frw-6nx-4a-disi-circir","title":{"rendered":"FRW 6NX-3A FRW 6NX-4A D\u0130\u015e\u0130 CIRCIR"},"content":{"rendered":"<p>FRW 6NX-3A FRW 6NX-4A D\u0130\u015e\u0130 CIRCIR (1)<\/p>\n","protected":false},"excerpt":{"rendered":"<p>FRW 6NX-3A FRW 6NX-4A D\u0130\u015e\u0130 CIRCIR (1)<\/p>\n","protected":false},"featured_media":11487,"comment_status":"open","ping_status":"closed","template":"","meta":[],"product_brand":[],"product_cat":[15,92,90],"product_tag":[],"class_list":{"0":"post-11485","1":"product","2":"type-product","3":"status-publish","4":"has-post-thumbnail","6":"product_cat-genel","7":"product_cat-circir-motorlari","8":"product_cat-havali-aletler","10":"first","11":"instock","12":"shipping-taxable","13":"product-type-simple"},"_links":{"self":[{"href":"http:\/\/basakcilastik.com.tr\/index.php?rest_route=\/wp\/v2\/product\/11485","targetHints":{"allow":["GET"]}}],"collection":[{"href":"http:\/\/basakcilastik.com.tr\/index.php?rest_route=\/wp\/v2\/product"}],"about":[{"href":"http:\/\/basakcilastik.com.tr\/index.php?rest_route=\/wp\/v2\/types\/product"}],"replies":[{"embeddable":true,"href":"http:\/\/basakcilastik.com.tr\/index.php?rest_route=%2Fwp%2Fv2%2Fcomments&post=11485"}],"wp:featuredmedia":[{"embeddable":true,"href":"http:\/\/basakcilastik.com.tr\/index.php?rest_route=\/wp\/v2\/media\/11487"}],"wp:attachment":[{"href":"http:\/\/basakcilastik.com.tr\/index.php?rest_route=%2Fwp%2Fv2%2Fmedia&parent=11485"}],"wp:term":[{"taxonomy":"product_brand","embeddable":true,"href":"http:\/\/basakcilastik.com.tr\/index.php?rest_route=%2Fwp%2Fv2%2Fproduct_brand&post=11485"},{"taxonomy":"product_cat","embeddable":true,"href":"http:\/\/basakcilastik.com.tr\/index.php?rest_route=%2Fwp%2Fv2%2Fproduct_cat&post=11485"},{"taxonomy":"product_tag","embeddable":true,"href":"http:\/\/basakcilastik.com.tr\/index.php?rest_route=%2Fwp%2Fv2%2Fproduct_tag&post=11485"}],"curies":[{"name":"wp","href":"https:\/\/api.w.org\/{rel}","templated":true}]}}