{"id":11283,"date":"2020-07-22T15:36:30","date_gmt":"2020-07-22T15:36:30","guid":{"rendered":"https:\/\/basakcilastik.com.tr\/?post_type=product&#038;p=11283"},"modified":"2020-07-22T15:36:31","modified_gmt":"2020-07-22T15:36:31","slug":"yedek-ray-46117","status":"publish","type":"product","link":"http:\/\/basakcilastik.com.tr\/?product=yedek-ray-46117","title":{"rendered":"Yedek Ray 46117"},"content":{"rendered":"<p>A\u00e7\u0131klama<\/p>\n<p>4603, 4604 ve 4605 Rayl\u0131 Otomatik Kesme Makinalar\u0131 i\u00e7in 2 mt. lik yedek ray. 2 mt ve katlar\u0131 \u015feklinde raylar birle\u015ftirilerek daha uzun mesafeli kesimlerde kullan\u0131labilir.<\/p>\n","protected":false},"excerpt":{"rendered":"<p>A\u00e7\u0131klama 4603, 4604 ve 4605 Rayl\u0131 Otomatik Kesme Makinalar\u0131 i\u00e7in 2 mt. lik yedek ray. 2 mt ve katlar\u0131 \u015feklinde raylar birle\u015ftirilerek daha uzun mesafeli kesimlerde kullan\u0131labilir.<\/p>\n","protected":false},"featured_media":11284,"comment_status":"open","ping_status":"closed","template":"","meta":[],"product_brand":[],"product_cat":[15,131,138],"product_tag":[],"class_list":{"0":"post-11283","1":"product","2":"type-product","3":"status-publish","4":"has-post-thumbnail","6":"product_cat-genel","7":"product_cat-gaz-armaturleri-basinc-dusuruculer","8":"product_cat-oksijen-kesme-makinalari","10":"first","11":"instock","12":"shipping-taxable","13":"product-type-simple"},"_links":{"self":[{"href":"http:\/\/basakcilastik.com.tr\/index.php?rest_route=\/wp\/v2\/product\/11283","targetHints":{"allow":["GET"]}}],"collection":[{"href":"http:\/\/basakcilastik.com.tr\/index.php?rest_route=\/wp\/v2\/product"}],"about":[{"href":"http:\/\/basakcilastik.com.tr\/index.php?rest_route=\/wp\/v2\/types\/product"}],"replies":[{"embeddable":true,"href":"http:\/\/basakcilastik.com.tr\/index.php?rest_route=%2Fwp%2Fv2%2Fcomments&post=11283"}],"wp:featuredmedia":[{"embeddable":true,"href":"http:\/\/basakcilastik.com.tr\/index.php?rest_route=\/wp\/v2\/media\/11284"}],"wp:attachment":[{"href":"http:\/\/basakcilastik.com.tr\/index.php?rest_route=%2Fwp%2Fv2%2Fmedia&parent=11283"}],"wp:term":[{"taxonomy":"product_brand","embeddable":true,"href":"http:\/\/basakcilastik.com.tr\/index.php?rest_route=%2Fwp%2Fv2%2Fproduct_brand&post=11283"},{"taxonomy":"product_cat","embeddable":true,"href":"http:\/\/basakcilastik.com.tr\/index.php?rest_route=%2Fwp%2Fv2%2Fproduct_cat&post=11283"},{"taxonomy":"product_tag","embeddable":true,"href":"http:\/\/basakcilastik.com.tr\/index.php?rest_route=%2Fwp%2Fv2%2Fproduct_tag&post=11283"}],"curies":[{"name":"wp","href":"https:\/\/api.w.org\/{rel}","templated":true}]}}