{"id":11227,"date":"2020-07-22T15:18:26","date_gmt":"2020-07-22T15:18:26","guid":{"rendered":"https:\/\/basakcilastik.com.tr\/?post_type=product&#038;p=11227"},"modified":"2020-07-22T15:18:26","modified_gmt":"2020-07-22T15:18:26","slug":"flans-kesme-makinasi-96-mm-fk90d","status":"publish","type":"product","link":"http:\/\/basakcilastik.com.tr\/?product=flans-kesme-makinasi-96-mm-fk90d","title":{"rendered":"Flan\u015f Kesme Makinas\u0131 96 mm FK90D"},"content":{"rendered":"<p>Flan\u015f Kesme Makinas\u0131 96 mm<\/p>\n<table width=\"310\">\n<tbody>\n<tr>\n<td width=\"50%\"><strong>A\u011f\u0131rl\u0131\u011f\u0131<\/strong><\/td>\n<td>:49 kg<\/td>\n<\/tr>\n<tr>\n<td width=\"50%\"><strong>EnxBoyxY\u00fckseklik<\/strong><\/td>\n<td>:1060x560x820 mm<\/td>\n<\/tr>\n<tr>\n<td width=\"50%\"><strong>Kullan\u0131lacak Gazlar<\/strong><\/td>\n<td>:<\/td>\n<\/tr>\n<tr>\n<td width=\"50%\"><strong>Kesme Kal\u0131nl\u0131\u011f\u0131<\/strong><\/td>\n<td>:5-50 mm<\/td>\n<\/tr>\n<tr>\n<td width=\"50%\"><strong>Kesme H\u0131z\u0131<\/strong><\/td>\n<td>:0,14-1,2<\/td>\n<\/tr>\n<tr>\n<td width=\"50%\"><strong>Daire Kesim \u00c7ap\u0131<\/strong><\/td>\n<td>:0-96 mm<\/td>\n<\/tr>\n<tr>\n<td width=\"50%\"><strong>Kelep\u00e7e Sistemi<\/strong><\/td>\n<td>:1\/2 e\u015fit veya b\u00fcy\u00fck<\/td>\n<\/tr>\n<tr>\n<td width=\"50%\"><strong>Kesme Hamla\u00e7 A\u00e7\u0131s\u0131<\/strong><\/td>\n<td>:+\/- 45 derece<\/td>\n<\/tr>\n<tr>\n<td width=\"50%\"><strong>Voltaj<\/strong><\/td>\n<td>:AC 110\/220 V<\/td>\n<\/tr>\n<\/tbody>\n<\/table>\n<p>Teknik \u00d6zellikler<\/p>\n<ul>\n<li>Daire kesme, a\u00e7\u0131l\u0131 ve delik \u015feklinde kesimlerde h\u0131zl\u0131 ve kolay kesim imkan\u0131 sa\u011flar.<\/li>\n<li>Makine y\u00fczeyde sabitlenen elektro m\u0131knat\u0131s ile d\u00fc\u015fey y\u00fczeyde kullan\u0131m sa\u011flanabilir.<\/li>\n<\/ul>\n","protected":false},"excerpt":{"rendered":"<p>Flan\u015f Kesme Makinas\u0131 96 mm A\u011f\u0131rl\u0131\u011f\u0131 :49 kg EnxBoyxY\u00fckseklik :1060x560x820 mm Kullan\u0131lacak Gazlar : Kesme Kal\u0131nl\u0131\u011f\u0131 :5-50 mm Kesme H\u0131z\u0131 :0,14-1,2 Daire Kesim \u00c7ap\u0131 :0-96 mm Kelep\u00e7e Sistemi :1\/2 e\u015fit veya b\u00fcy\u00fck Kesme Hamla\u00e7 A\u00e7\u0131s\u0131 :+\/- 45 derece Voltaj :AC 110\/220 V Teknik \u00d6zellikler Daire kesme, a\u00e7\u0131l\u0131 ve delik \u015feklinde kesimlerde h\u0131zl\u0131 ve kolay kesim imkan\u0131 sa\u011flar. Makine y\u00fczeyde sabitlenen [&hellip;]<\/p>\n","protected":false},"featured_media":11238,"comment_status":"open","ping_status":"closed","template":"","meta":[],"product_brand":[],"product_cat":[15,131,138],"product_tag":[],"class_list":{"0":"post-11227","1":"product","2":"type-product","3":"status-publish","4":"has-post-thumbnail","6":"product_cat-genel","7":"product_cat-gaz-armaturleri-basinc-dusuruculer","8":"product_cat-oksijen-kesme-makinalari","10":"first","11":"instock","12":"shipping-taxable","13":"product-type-simple"},"_links":{"self":[{"href":"http:\/\/basakcilastik.com.tr\/index.php?rest_route=\/wp\/v2\/product\/11227","targetHints":{"allow":["GET"]}}],"collection":[{"href":"http:\/\/basakcilastik.com.tr\/index.php?rest_route=\/wp\/v2\/product"}],"about":[{"href":"http:\/\/basakcilastik.com.tr\/index.php?rest_route=\/wp\/v2\/types\/product"}],"replies":[{"embeddable":true,"href":"http:\/\/basakcilastik.com.tr\/index.php?rest_route=%2Fwp%2Fv2%2Fcomments&post=11227"}],"wp:featuredmedia":[{"embeddable":true,"href":"http:\/\/basakcilastik.com.tr\/index.php?rest_route=\/wp\/v2\/media\/11238"}],"wp:attachment":[{"href":"http:\/\/basakcilastik.com.tr\/index.php?rest_route=%2Fwp%2Fv2%2Fmedia&parent=11227"}],"wp:term":[{"taxonomy":"product_brand","embeddable":true,"href":"http:\/\/basakcilastik.com.tr\/index.php?rest_route=%2Fwp%2Fv2%2Fproduct_brand&post=11227"},{"taxonomy":"product_cat","embeddable":true,"href":"http:\/\/basakcilastik.com.tr\/index.php?rest_route=%2Fwp%2Fv2%2Fproduct_cat&post=11227"},{"taxonomy":"product_tag","embeddable":true,"href":"http:\/\/basakcilastik.com.tr\/index.php?rest_route=%2Fwp%2Fv2%2Fproduct_tag&post=11227"}],"curies":[{"name":"wp","href":"https:\/\/api.w.org\/{rel}","templated":true}]}}