{"id":11205,"date":"2020-07-22T14:58:12","date_gmt":"2020-07-22T14:58:12","guid":{"rendered":"https:\/\/basakcilastik.com.tr\/?post_type=product&#038;p=11205"},"modified":"2020-07-22T14:58:13","modified_gmt":"2020-07-22T14:58:13","slug":"fleks-hortum-paslanmaz-oksijen-1000-mm-yb101-p-1000","status":"publish","type":"product","link":"http:\/\/basakcilastik.com.tr\/?product=fleks-hortum-paslanmaz-oksijen-1000-mm-yb101-p-1000","title":{"rendered":"Fleks Hortum &#8211; Paslanmaz &#8211; Oksijen 1000 mm YB101-P-1000"},"content":{"rendered":"<p><strong>Kod No:<\/strong>\u00a0YB101-P-1000<\/p>\n<p>FLEKS HORTUM &#8211; PASLANMAZ &#8211; OKS\u0130JEN 1000 mm<\/p>\n<p>&nbsp;<\/p>\n<table width=\"310\">\n<tbody>\n<tr>\n<td width=\"50%\"><strong>Gaz Cinsi<\/strong><\/td>\n<td>:Oksijen<\/td>\n<\/tr>\n<tr>\n<td width=\"50%\"><strong>Kullan\u0131m Bas\u0131nc\u0131<\/strong><\/td>\n<td>:300 bar<\/td>\n<\/tr>\n<tr>\n<td width=\"50%\"><strong>Uzunluk<\/strong><\/td>\n<td>:1000 mm<\/td>\n<\/tr>\n<tr>\n<td width=\"50%\"><strong>Giri\u015f Ba\u011flant\u0131s\u0131<\/strong><\/td>\n<td>:W 30&#215;2<\/td>\n<\/tr>\n<tr>\n<td width=\"50%\"><strong>\u00c7\u0131k\u0131\u015f Ba\u011flant\u0131s\u0131<\/strong><\/td>\n<td>:W 21,8&#215;1\/14&#8221;<\/td>\n<\/tr>\n<\/tbody>\n<\/table>\n","protected":false},"excerpt":{"rendered":"<p>Kod No:\u00a0YB101-P-1000 FLEKS HORTUM &#8211; PASLANMAZ &#8211; OKS\u0130JEN 1000 mm &nbsp; Gaz Cinsi :Oksijen Kullan\u0131m Bas\u0131nc\u0131 :300 bar Uzunluk :1000 mm Giri\u015f Ba\u011flant\u0131s\u0131 :W 30&#215;2 \u00c7\u0131k\u0131\u015f Ba\u011flant\u0131s\u0131 :W 21,8&#215;1\/14&#8221;<\/p>\n","protected":false},"featured_media":11207,"comment_status":"open","ping_status":"closed","template":"","meta":[],"product_brand":[],"product_cat":[15,131,137],"product_tag":[],"class_list":{"0":"post-11205","1":"product","2":"type-product","3":"status-publish","4":"has-post-thumbnail","6":"product_cat-genel","7":"product_cat-gaz-armaturleri-basinc-dusuruculer","8":"product_cat-merkezi-sistemler","10":"first","11":"instock","12":"shipping-taxable","13":"product-type-simple"},"_links":{"self":[{"href":"http:\/\/basakcilastik.com.tr\/index.php?rest_route=\/wp\/v2\/product\/11205","targetHints":{"allow":["GET"]}}],"collection":[{"href":"http:\/\/basakcilastik.com.tr\/index.php?rest_route=\/wp\/v2\/product"}],"about":[{"href":"http:\/\/basakcilastik.com.tr\/index.php?rest_route=\/wp\/v2\/types\/product"}],"replies":[{"embeddable":true,"href":"http:\/\/basakcilastik.com.tr\/index.php?rest_route=%2Fwp%2Fv2%2Fcomments&post=11205"}],"wp:featuredmedia":[{"embeddable":true,"href":"http:\/\/basakcilastik.com.tr\/index.php?rest_route=\/wp\/v2\/media\/11207"}],"wp:attachment":[{"href":"http:\/\/basakcilastik.com.tr\/index.php?rest_route=%2Fwp%2Fv2%2Fmedia&parent=11205"}],"wp:term":[{"taxonomy":"product_brand","embeddable":true,"href":"http:\/\/basakcilastik.com.tr\/index.php?rest_route=%2Fwp%2Fv2%2Fproduct_brand&post=11205"},{"taxonomy":"product_cat","embeddable":true,"href":"http:\/\/basakcilastik.com.tr\/index.php?rest_route=%2Fwp%2Fv2%2Fproduct_cat&post=11205"},{"taxonomy":"product_tag","embeddable":true,"href":"http:\/\/basakcilastik.com.tr\/index.php?rest_route=%2Fwp%2Fv2%2Fproduct_tag&post=11205"}],"curies":[{"name":"wp","href":"https:\/\/api.w.org\/{rel}","templated":true}]}}