{"id":10656,"date":"2020-07-21T00:12:02","date_gmt":"2020-07-21T00:12:02","guid":{"rendered":"https:\/\/basakcilastik.com.tr\/?post_type=product&#038;p=10656"},"modified":"2020-07-21T00:12:02","modified_gmt":"2020-07-21T00:12:02","slug":"kesme-lulesi-no1-asetilen-5-10-mm-45401a","status":"publish","type":"product","link":"http:\/\/basakcilastik.com.tr\/?product=kesme-lulesi-no1-asetilen-5-10-mm-45401a","title":{"rendered":"Kesme L\u00fclesi No1 &#8211; Asetilen 5-10 mm 45401A"},"content":{"rendered":"<p>Kesme L\u00fclesi No:1 &#8211; Asetilen 5-10 mm<\/p>\n<table width=\"310\">\n<tbody>\n<tr>\n<td width=\"50%\"><strong>Kullan\u0131ld\u0131\u011f\u0131 Hamla\u00e7lar<\/strong><\/td>\n<td>:4542A-4543A<\/td>\n<\/tr>\n<tr>\n<td width=\"50%\"><strong>Kesme Kapasitesi<\/strong><\/td>\n<td>:5-10 mm<\/td>\n<\/tr>\n<tr>\n<td width=\"50%\"><strong>Oksijen Gaz Bas\u0131nc\u0131<\/strong><\/td>\n<td>:3-4 bar<\/td>\n<\/tr>\n<tr>\n<td width=\"50%\"><strong>Tavlama Oksijen Gaz Sarfiyat\u0131<\/strong><\/td>\n<td>:210 &#8211; 240 l\/h<\/td>\n<\/tr>\n<tr>\n<td width=\"50%\"><strong>Kesme Oksijen Gaz Sarfiyat\u0131<\/strong><\/td>\n<td>:360 &#8211; 420 l\/h<\/td>\n<\/tr>\n<tr>\n<td width=\"50%\"><strong>Asetilen Gaz Bas\u0131nc\u0131<\/strong><\/td>\n<td>:0,3 bar<\/td>\n<\/tr>\n<tr>\n<td width=\"50%\"><strong>Asetilen Gaz Sarfiyat\u0131<\/strong><\/td>\n<td>:130 &#8211; 140 l\/h<\/td>\n<\/tr>\n<\/tbody>\n<\/table>\n","protected":false},"excerpt":{"rendered":"<p>Kesme L\u00fclesi No:1 &#8211; Asetilen 5-10 mm Kullan\u0131ld\u0131\u011f\u0131 Hamla\u00e7lar :4542A-4543A Kesme Kapasitesi :5-10 mm Oksijen Gaz Bas\u0131nc\u0131 :3-4 bar Tavlama Oksijen Gaz Sarfiyat\u0131 :210 &#8211; 240 l\/h Kesme Oksijen Gaz Sarfiyat\u0131 :360 &#8211; 420 l\/h Asetilen Gaz Bas\u0131nc\u0131 :0,3 bar Asetilen Gaz Sarfiyat\u0131 :130 &#8211; 140 l\/h<\/p>\n","protected":false},"featured_media":10659,"comment_status":"open","ping_status":"closed","template":"","meta":[],"product_brand":[],"product_cat":[15,132,131],"product_tag":[],"class_list":{"0":"post-10656","1":"product","2":"type-product","3":"status-publish","4":"has-post-thumbnail","6":"product_cat-genel","7":"product_cat-gaz-armaturleri","8":"product_cat-gaz-armaturleri-basinc-dusuruculer","10":"first","11":"instock","12":"shipping-taxable","13":"product-type-simple"},"_links":{"self":[{"href":"http:\/\/basakcilastik.com.tr\/index.php?rest_route=\/wp\/v2\/product\/10656","targetHints":{"allow":["GET"]}}],"collection":[{"href":"http:\/\/basakcilastik.com.tr\/index.php?rest_route=\/wp\/v2\/product"}],"about":[{"href":"http:\/\/basakcilastik.com.tr\/index.php?rest_route=\/wp\/v2\/types\/product"}],"replies":[{"embeddable":true,"href":"http:\/\/basakcilastik.com.tr\/index.php?rest_route=%2Fwp%2Fv2%2Fcomments&post=10656"}],"wp:featuredmedia":[{"embeddable":true,"href":"http:\/\/basakcilastik.com.tr\/index.php?rest_route=\/wp\/v2\/media\/10659"}],"wp:attachment":[{"href":"http:\/\/basakcilastik.com.tr\/index.php?rest_route=%2Fwp%2Fv2%2Fmedia&parent=10656"}],"wp:term":[{"taxonomy":"product_brand","embeddable":true,"href":"http:\/\/basakcilastik.com.tr\/index.php?rest_route=%2Fwp%2Fv2%2Fproduct_brand&post=10656"},{"taxonomy":"product_cat","embeddable":true,"href":"http:\/\/basakcilastik.com.tr\/index.php?rest_route=%2Fwp%2Fv2%2Fproduct_cat&post=10656"},{"taxonomy":"product_tag","embeddable":true,"href":"http:\/\/basakcilastik.com.tr\/index.php?rest_route=%2Fwp%2Fv2%2Fproduct_tag&post=10656"}],"curies":[{"name":"wp","href":"https:\/\/api.w.org\/{rel}","templated":true}]}}