{"id":10548,"date":"2020-07-20T23:37:25","date_gmt":"2020-07-20T23:37:25","guid":{"rendered":"https:\/\/basakcilastik.com.tr\/?post_type=product&#038;p=10548"},"modified":"2020-07-20T23:37:25","modified_gmt":"2020-07-20T23:37:25","slug":"kaynak-kolu-no6-kaynak-kapasitesi-9-14-mm-3616","status":"publish","type":"product","link":"http:\/\/basakcilastik.com.tr\/?product=kaynak-kolu-no6-kaynak-kapasitesi-9-14-mm-3616","title":{"rendered":"Kaynak Kolu No6 Kaynak Kapasitesi 9-14 mm 3616"},"content":{"rendered":"<p>Kaynak Kolu No:6 Kaynak Kapasitesi 9-14 mm<\/p>\n<table width=\"310\">\n<tbody>\n<tr>\n<td width=\"50%\"><strong>Is\u0131l De\u011feri<\/strong><\/td>\n<td>:36355 kj\/h<\/td>\n<\/tr>\n<tr>\n<td width=\"50%\"><strong>Asetilen Gaz Sarfiyat\u0131<\/strong><\/td>\n<td>:340 l\/h<\/td>\n<\/tr>\n<tr>\n<td width=\"50%\"><strong>Asetilen Gaz Bas\u0131nc\u0131<\/strong><\/td>\n<td>:0,30 bar<\/td>\n<\/tr>\n<tr>\n<td width=\"50%\"><strong>Oksijen Gaz Sarfiyat\u0131<\/strong><\/td>\n<td>:240 l\/h<\/td>\n<\/tr>\n<tr>\n<td width=\"50%\"><strong>Oksijen Gaz Bas\u0131nc\u0131<\/strong><\/td>\n<td>:2,5 bar<\/td>\n<\/tr>\n<tr>\n<td width=\"50%\"><strong>Kaynak Kapasitesi<\/strong><\/td>\n<td>:9-14 mm<\/td>\n<\/tr>\n<\/tbody>\n<\/table>\n","protected":false},"excerpt":{"rendered":"<p>Kaynak Kolu No:6 Kaynak Kapasitesi 9-14 mm Is\u0131l De\u011feri :36355 kj\/h Asetilen Gaz Sarfiyat\u0131 :340 l\/h Asetilen Gaz Bas\u0131nc\u0131 :0,30 bar Oksijen Gaz Sarfiyat\u0131 :240 l\/h Oksijen Gaz Bas\u0131nc\u0131 :2,5 bar Kaynak Kapasitesi :9-14 mm<\/p>\n","protected":false},"featured_media":10549,"comment_status":"open","ping_status":"closed","template":"","meta":[],"product_brand":[],"product_cat":[15,132,131],"product_tag":[],"class_list":{"0":"post-10548","1":"product","2":"type-product","3":"status-publish","4":"has-post-thumbnail","6":"product_cat-genel","7":"product_cat-gaz-armaturleri","8":"product_cat-gaz-armaturleri-basinc-dusuruculer","10":"first","11":"instock","12":"shipping-taxable","13":"product-type-simple"},"_links":{"self":[{"href":"http:\/\/basakcilastik.com.tr\/index.php?rest_route=\/wp\/v2\/product\/10548","targetHints":{"allow":["GET"]}}],"collection":[{"href":"http:\/\/basakcilastik.com.tr\/index.php?rest_route=\/wp\/v2\/product"}],"about":[{"href":"http:\/\/basakcilastik.com.tr\/index.php?rest_route=\/wp\/v2\/types\/product"}],"replies":[{"embeddable":true,"href":"http:\/\/basakcilastik.com.tr\/index.php?rest_route=%2Fwp%2Fv2%2Fcomments&post=10548"}],"wp:featuredmedia":[{"embeddable":true,"href":"http:\/\/basakcilastik.com.tr\/index.php?rest_route=\/wp\/v2\/media\/10549"}],"wp:attachment":[{"href":"http:\/\/basakcilastik.com.tr\/index.php?rest_route=%2Fwp%2Fv2%2Fmedia&parent=10548"}],"wp:term":[{"taxonomy":"product_brand","embeddable":true,"href":"http:\/\/basakcilastik.com.tr\/index.php?rest_route=%2Fwp%2Fv2%2Fproduct_brand&post=10548"},{"taxonomy":"product_cat","embeddable":true,"href":"http:\/\/basakcilastik.com.tr\/index.php?rest_route=%2Fwp%2Fv2%2Fproduct_cat&post=10548"},{"taxonomy":"product_tag","embeddable":true,"href":"http:\/\/basakcilastik.com.tr\/index.php?rest_route=%2Fwp%2Fv2%2Fproduct_tag&post=10548"}],"curies":[{"name":"wp","href":"https:\/\/api.w.org\/{rel}","templated":true}]}}